{"id":3634,"date":"2026-03-23T12:48:03","date_gmt":"2026-03-23T12:48:03","guid":{"rendered":"https:\/\/educaredigital.online\/loja\/produto\/viso-motor-mdf-50-pc\/"},"modified":"2026-04-25T14:59:11","modified_gmt":"2026-04-25T14:59:11","slug":"viso-motor-mdf-50-pc","status":"publish","type":"product","link":"https:\/\/educaredigital.online\/loja\/produto\/viso-motor-mdf-50-pc\/","title":{"rendered":"Viso Motor &#8211; MDF &#8211; 50 Pe\u00e7as"},"content":{"rendered":"<p class=\"ds-markdown-paragraph\">O\u00a0<strong>Viso Motor<\/strong>\u00a0\u00e9 um jogo educativo projetado para fortalecer as <strong>habilidades visomotoras<\/strong>, essenciais para coordenar a vis\u00e3o com os movimentos das m\u00e3os e do corpo. Composto por um estojo e\u00a0<strong>50 fichas serigrafadas com tinta at\u00f3xica<\/strong>, o jogo incentiva a crian\u00e7a a realizar tra\u00e7ados e combina\u00e7\u00f5es que melhoram a\u00a0<strong>coordena\u00e7\u00e3o motora fina, a percep\u00e7\u00e3o visual, a aten\u00e7\u00e3o e o controle dos movimentos<\/strong>.<\/p>\n<p class=\"ds-markdown-paragraph\">Para utilizar o\u00a0<strong>Viso Motor<\/strong>, as crian\u00e7as podem dispor as fichas no estojo e utilizar as tr\u00eas r\u00e9guas inclusas para criar diferentes sequ\u00eancias e padr\u00f5es. Este processo desenvolve n\u00e3o apenas as\u00a0<strong>habilidades motoras<\/strong>, mas tamb\u00e9m o racioc\u00ednio l\u00f3gico e a concentra\u00e7\u00e3o, fundamentais para o aprendizado da escrita e para outras tarefas escolares. \u00c9 uma ferramenta l\u00fadica e eficaz para estimular a autonomia e o desenvolvimento infantil.<\/p>\n<div class=\"details-table-wrapper\">\n<table class=\"product-details-table\">\n<tbody>\n<tr>\n<td>Marca<\/td>\n<td>Carlu<\/td>\n<\/tr>\n<tr>\n<td>Material<\/td>\n<td>\u00a0MDF<\/td>\n<\/tr>\n<tr>\n<td>Faixa Et\u00e1ria<\/td>\n<td>A partir de 4 Anos<\/td>\n<\/tr>\n<\/tbody>\n<\/table>\n<\/div>\n","protected":false},"excerpt":{"rendered":"<p>O\u00a0Viso Motor\u00a0\u00e9 um jogo educativo projetado para fortalecer as habilidades visomotoras, essenciais para coordenar a vis\u00e3o com os movimentos das m\u00e3os e do corpo. Composto por um estojo e\u00a050 fichas serigrafadas com tinta at\u00f3xica, o jogo incentiva a crian\u00e7a a<\/p>\n","protected":false},"featured_media":3633,"comment_status":"open","ping_status":"closed","template":"","meta":[],"product_brand":[236],"product_cat":[38,211],"product_tag":[],"class_list":{"0":"post-3634","1":"product","2":"type-product","3":"status-publish","6":"product_brand-carlu","7":"product_cat-psicomotricidade","8":"product_cat-psicomotricidade-jogos-e-brinquedos","10":"first","11":"instock","12":"shipping-taxable","13":"purchasable","14":"product-type-simple"},"_links":{"self":[{"href":"https:\/\/educaredigital.online\/loja\/wp-json\/wp\/v2\/product\/3634","targetHints":{"allow":["GET"]}}],"collection":[{"href":"https:\/\/educaredigital.online\/loja\/wp-json\/wp\/v2\/product"}],"about":[{"href":"https:\/\/educaredigital.online\/loja\/wp-json\/wp\/v2\/types\/product"}],"replies":[{"embeddable":true,"href":"https:\/\/educaredigital.online\/loja\/wp-json\/wp\/v2\/comments?post=3634"}],"wp:featuredmedia":[{"embeddable":true,"href":"https:\/\/educaredigital.online\/loja\/wp-json\/wp\/v2\/media\/3633"}],"wp:attachment":[{"href":"https:\/\/educaredigital.online\/loja\/wp-json\/wp\/v2\/media?parent=3634"}],"wp:term":[{"taxonomy":"product_brand","embeddable":true,"href":"https:\/\/educaredigital.online\/loja\/wp-json\/wp\/v2\/product_brand?post=3634"},{"taxonomy":"product_cat","embeddable":true,"href":"https:\/\/educaredigital.online\/loja\/wp-json\/wp\/v2\/product_cat?post=3634"},{"taxonomy":"product_tag","embeddable":true,"href":"https:\/\/educaredigital.online\/loja\/wp-json\/wp\/v2\/product_tag?post=3634"}],"curies":[{"name":"wp","href":"https:\/\/api.w.org\/{rel}","templated":true}]}}