{"id":3632,"date":"2026-03-23T12:48:01","date_gmt":"2026-03-23T12:48:01","guid":{"rendered":"https:\/\/educaredigital.online\/loja\/produto\/cubo-de-atividades-eva-12-pc\/"},"modified":"2026-04-25T14:59:19","modified_gmt":"2026-04-25T14:59:19","slug":"cubo-de-atividades-eva-12-pc","status":"publish","type":"product","link":"https:\/\/educaredigital.online\/loja\/produto\/cubo-de-atividades-eva-12-pc\/","title":{"rendered":"Cubo de Atividades- EVA &#8211; 12 Pe\u00e7as"},"content":{"rendered":"<p class=\"ds-markdown-paragraph\">O\u00a0<strong>Cubo de Atividades <\/strong>\u00e9 um brinquedo sensorial e pedag\u00f3gico que trabalha a coordena\u00e7\u00e3o motora fina e a autonomia de forma l\u00fadica. Fabricado em\u00a0<strong>E.V.A.<\/strong>, o conjunto \u00e9 composto por\u00a0<strong>2 cubos de 16 x 16 x 16 cm<\/strong>, que trazem em suas faces\u00a0<strong>12 exerc\u00edcios diferentes com fechos<\/strong>\u00a0do cotidiano: abertura de z\u00edper, bot\u00f5es de press\u00e3o, la\u00e7os simples, fecho duplo, fivela met\u00e1lica, fivela de pl\u00e1stico, gancho duplo, colchetes, passador e regulador, velcro, el\u00e1stico e bot\u00e3o.<\/p>\n<p class=\"ds-markdown-paragraph\">\u00a0Por meio das atividades pr\u00e1ticas de manipula\u00e7\u00e3o, ele possibilita o desenvolvimento da <strong>motricidade fina, da coordena\u00e7\u00e3o visomotora, da concentra\u00e7\u00e3o e da autonomia<\/strong>\u00a0das crian\u00e7as, preparando-as para tarefas do dia a dia, como amarrar o sapato ou abrir uma mochila. \u00c9 uma ferramenta vers\u00e1til, que pode ser utilizada\u00a0<strong>individualmente ou em grupo<\/strong>, sendo ideal tanto para o ambiente escolar quanto para momentos de lazer em fam\u00edlia.<\/p>\n<div class=\"details-table-wrapper\">\n<table class=\"product-details-table\">\n<tbody>\n<tr>\n<td>Marca<\/td>\n<td>Carlu<\/td>\n<\/tr>\n<tr>\n<td>Material<\/td>\n<td>\u00a0MDF<\/td>\n<\/tr>\n<tr>\n<td>Faixa Et\u00e1ria<\/td>\n<td>A partir de 3 Anos<\/td>\n<\/tr>\n<\/tbody>\n<\/table>\n<\/div>\n","protected":false},"excerpt":{"rendered":"<p>O\u00a0Cubo de Atividades \u00e9 um brinquedo sensorial e pedag\u00f3gico que trabalha a coordena\u00e7\u00e3o motora fina e a autonomia de forma l\u00fadica. Fabricado em\u00a0E.V.A., o conjunto \u00e9 composto por\u00a02 cubos de 16 x 16 x 16 cm, que trazem em suas<\/p>\n","protected":false},"featured_media":3631,"comment_status":"open","ping_status":"closed","template":"","meta":[],"product_brand":[236],"product_cat":[38,211],"product_tag":[],"class_list":{"0":"post-3632","1":"product","2":"type-product","3":"status-publish","6":"product_brand-carlu","7":"product_cat-psicomotricidade","8":"product_cat-psicomotricidade-jogos-e-brinquedos","10":"first","11":"instock","12":"shipping-taxable","13":"purchasable","14":"product-type-simple"},"_links":{"self":[{"href":"https:\/\/educaredigital.online\/loja\/wp-json\/wp\/v2\/product\/3632","targetHints":{"allow":["GET"]}}],"collection":[{"href":"https:\/\/educaredigital.online\/loja\/wp-json\/wp\/v2\/product"}],"about":[{"href":"https:\/\/educaredigital.online\/loja\/wp-json\/wp\/v2\/types\/product"}],"replies":[{"embeddable":true,"href":"https:\/\/educaredigital.online\/loja\/wp-json\/wp\/v2\/comments?post=3632"}],"wp:featuredmedia":[{"embeddable":true,"href":"https:\/\/educaredigital.online\/loja\/wp-json\/wp\/v2\/media\/3631"}],"wp:attachment":[{"href":"https:\/\/educaredigital.online\/loja\/wp-json\/wp\/v2\/media?parent=3632"}],"wp:term":[{"taxonomy":"product_brand","embeddable":true,"href":"https:\/\/educaredigital.online\/loja\/wp-json\/wp\/v2\/product_brand?post=3632"},{"taxonomy":"product_cat","embeddable":true,"href":"https:\/\/educaredigital.online\/loja\/wp-json\/wp\/v2\/product_cat?post=3632"},{"taxonomy":"product_tag","embeddable":true,"href":"https:\/\/educaredigital.online\/loja\/wp-json\/wp\/v2\/product_tag?post=3632"}],"curies":[{"name":"wp","href":"https:\/\/api.w.org\/{rel}","templated":true}]}}