{"id":3610,"date":"2026-03-23T12:47:43","date_gmt":"2026-03-23T12:47:43","guid":{"rendered":"https:\/\/educaredigital.online\/loja\/produto\/numerais-e-quantidades-na-base-mdf-20-pc-2-bases\/"},"modified":"2026-04-27T11:38:41","modified_gmt":"2026-04-27T11:38:41","slug":"numerais-e-quantidades-na-base-mdf-20-pc-2-bases","status":"publish","type":"product","link":"https:\/\/educaredigital.online\/loja\/produto\/numerais-e-quantidades-na-base-mdf-20-pc-2-bases\/","title":{"rendered":"Numerais e Quantidades na Base &#8211; MDF &#8211; 20 Pe\u00e7as e 2 Bases Pe\u00e7as 2 BASES"},"content":{"rendered":"<p class=\"ds-markdown-paragraph\"><strong>Numerais e Quantidades na Base &#8211; MDF &#8211; 20 Pe\u00e7as e 2 Bases:<\/strong>\u00a0\u00e9 um jogo educativo projetado para auxiliar na aprendizagem dos n\u00fameros e na correspond\u00eancia num\u00e9rica de forma l\u00fadica e concreta\u00a0. Confeccionado em MDF com pintura e serigrafia em tinta at\u00f3xica, o conjunto \u00e9 composto por 2 bases e 20 pe\u00e7as que permitem \u00e0 crian\u00e7a associar as figuras de desenhos \u00e0s pe\u00e7as num\u00e9ricas correspondentes\u00a0.<\/p>\n<p class=\"ds-markdown-paragraph\">O objetivo do jogo \u00e9 unir as imagens que representam quantidades com os numerais corretos, ensinando uma nova linguagem essencial para o desenvolvimento infantil\u00a0. Ao manipular as pe\u00e7as nas bases, a crian\u00e7a desenvolve a compreens\u00e3o dos n\u00fameros e quantidades, al\u00e9m de estimular o racioc\u00ednio l\u00f3gico, a aten\u00e7\u00e3o e a coordena\u00e7\u00e3o motora de maneira divertida e significativa\u00a0.<\/p>\n<div class=\"details-table-wrapper\">\n<table class=\"product-details-table\">\n<tbody>\n<tr>\n<td>Marca<\/td>\n<td>Carlu<\/td>\n<\/tr>\n<tr>\n<td>Material<\/td>\n<td>MDF<\/td>\n<\/tr>\n<tr>\n<td>Faixa Et\u00e1ria<\/td>\n<td>A partir de 4 Anos<\/td>\n<\/tr>\n<\/tbody>\n<\/table>\n<\/div>\n","protected":false},"excerpt":{"rendered":"<p>Numerais e Quantidades na Base &#8211; MDF &#8211; 20 Pe\u00e7as e 2 Bases:\u00a0\u00e9 um jogo educativo projetado para auxiliar na aprendizagem dos n\u00fameros e na correspond\u00eancia num\u00e9rica de forma l\u00fadica e concreta\u00a0. Confeccionado em MDF com pintura e serigrafia em<\/p>\n","protected":false},"featured_media":3609,"comment_status":"open","ping_status":"closed","template":"","meta":[],"product_brand":[236],"product_cat":[210],"product_tag":[],"class_list":{"0":"post-3610","1":"product","2":"type-product","3":"status-publish","6":"product_brand-carlu","7":"product_cat-matematica-jogos-e-brinquedos","9":"first","10":"instock","11":"shipping-taxable","12":"purchasable","13":"product-type-simple"},"_links":{"self":[{"href":"https:\/\/educaredigital.online\/loja\/wp-json\/wp\/v2\/product\/3610","targetHints":{"allow":["GET"]}}],"collection":[{"href":"https:\/\/educaredigital.online\/loja\/wp-json\/wp\/v2\/product"}],"about":[{"href":"https:\/\/educaredigital.online\/loja\/wp-json\/wp\/v2\/types\/product"}],"replies":[{"embeddable":true,"href":"https:\/\/educaredigital.online\/loja\/wp-json\/wp\/v2\/comments?post=3610"}],"wp:featuredmedia":[{"embeddable":true,"href":"https:\/\/educaredigital.online\/loja\/wp-json\/wp\/v2\/media\/3609"}],"wp:attachment":[{"href":"https:\/\/educaredigital.online\/loja\/wp-json\/wp\/v2\/media?parent=3610"}],"wp:term":[{"taxonomy":"product_brand","embeddable":true,"href":"https:\/\/educaredigital.online\/loja\/wp-json\/wp\/v2\/product_brand?post=3610"},{"taxonomy":"product_cat","embeddable":true,"href":"https:\/\/educaredigital.online\/loja\/wp-json\/wp\/v2\/product_cat?post=3610"},{"taxonomy":"product_tag","embeddable":true,"href":"https:\/\/educaredigital.online\/loja\/wp-json\/wp\/v2\/product_tag?post=3610"}],"curies":[{"name":"wp","href":"https:\/\/api.w.org\/{rel}","templated":true}]}}