{"id":3592,"date":"2026-03-23T12:47:23","date_gmt":"2026-03-23T12:47:23","guid":{"rendered":"https:\/\/educaredigital.online\/loja\/produto\/abaco-aluno-40-argolas-translucidas\/"},"modified":"2026-04-27T11:41:14","modified_gmt":"2026-04-27T11:41:14","slug":"abaco-aluno-40-argolas-translucidas","status":"publish","type":"product","link":"https:\/\/educaredigital.online\/loja\/produto\/abaco-aluno-40-argolas-translucidas\/","title":{"rendered":"\u00c1baco Aberto 40 Argolas Transl\u00facidas"},"content":{"rendered":"<p><strong>\u00c1baco Aberto 40 Argolas Transl\u00facidas:<\/strong>\u00a0\u00e9 um recurso pedag\u00f3gico da marca Carlu, desenvolvido para auxiliar no aprendizado da matem\u00e1tica de forma visual e concreta . Confeccionado em MDF com serigrafia at\u00f3xica, o produto possui estrutura com 4 varetas fixas na base e 40 argolinhas de PVC r\u00edgido transl\u00facido e coloridas, medindo aproximadamente 28 x 30 x 7 cm . Recomendado para crian\u00e7as a partir de 4 anos, sua embalagem \u00e9 em pel\u00edcula de PVC encolh\u00edvel .<\/p>\n<p>Este instrumento milenar possibilita desde o reconhecimento de quantidades at\u00e9 a realiza\u00e7\u00e3o de c\u00e1lculos com as quatro opera\u00e7\u00f5es b\u00e1sicas (adi\u00e7\u00e3o, subtra\u00e7\u00e3o, multiplica\u00e7\u00e3o e divis\u00e3o) de maneira l\u00fadica e interativa . Ao manusear as argolas coloridas nas varetas, o brinquedo estimula o racioc\u00ednio l\u00f3gico, a coordena\u00e7\u00e3o motora fina, a concentra\u00e7\u00e3o e a autonomia, tornando o aprendizado da matem\u00e1tica uma experi\u00eancia mais significativa e prazerosa tanto em ambiente escolar quanto em casa .<\/p>\n<div class=\"details-table-wrapper\">\n<table class=\"product-details-table\">\n<tbody>\n<tr>\n<td>Marca<\/td>\n<td>Carlu<\/td>\n<\/tr>\n<tr>\n<td>Material<\/td>\n<td>MDF<\/td>\n<\/tr>\n<tr>\n<td>Faixa Et\u00e1ria<\/td>\n<td>A partir de 4 Anos<\/td>\n<\/tr>\n<\/tbody>\n<\/table>\n<\/div>\n","protected":false},"excerpt":{"rendered":"<p>\u00c1baco Aberto 40 Argolas Transl\u00facidas:\u00a0\u00e9 um recurso pedag\u00f3gico da marca Carlu, desenvolvido para auxiliar no aprendizado da matem\u00e1tica de forma visual e concreta . Confeccionado em MDF com serigrafia at\u00f3xica, o produto possui estrutura com 4 varetas fixas na base<\/p>\n","protected":false},"featured_media":3591,"comment_status":"open","ping_status":"closed","template":"","meta":[],"product_brand":[236],"product_cat":[209,210],"product_tag":[],"class_list":{"0":"post-3592","1":"product","2":"type-product","3":"status-publish","6":"product_brand-carlu","7":"product_cat-letramento-jogos-e-brinquedos","8":"product_cat-matematica-jogos-e-brinquedos","10":"first","11":"instock","12":"shipping-taxable","13":"purchasable","14":"product-type-simple"},"_links":{"self":[{"href":"https:\/\/educaredigital.online\/loja\/wp-json\/wp\/v2\/product\/3592","targetHints":{"allow":["GET"]}}],"collection":[{"href":"https:\/\/educaredigital.online\/loja\/wp-json\/wp\/v2\/product"}],"about":[{"href":"https:\/\/educaredigital.online\/loja\/wp-json\/wp\/v2\/types\/product"}],"replies":[{"embeddable":true,"href":"https:\/\/educaredigital.online\/loja\/wp-json\/wp\/v2\/comments?post=3592"}],"wp:featuredmedia":[{"embeddable":true,"href":"https:\/\/educaredigital.online\/loja\/wp-json\/wp\/v2\/media\/3591"}],"wp:attachment":[{"href":"https:\/\/educaredigital.online\/loja\/wp-json\/wp\/v2\/media?parent=3592"}],"wp:term":[{"taxonomy":"product_brand","embeddable":true,"href":"https:\/\/educaredigital.online\/loja\/wp-json\/wp\/v2\/product_brand?post=3592"},{"taxonomy":"product_cat","embeddable":true,"href":"https:\/\/educaredigital.online\/loja\/wp-json\/wp\/v2\/product_cat?post=3592"},{"taxonomy":"product_tag","embeddable":true,"href":"https:\/\/educaredigital.online\/loja\/wp-json\/wp\/v2\/product_tag?post=3592"}],"curies":[{"name":"wp","href":"https:\/\/api.w.org\/{rel}","templated":true}]}}