{"id":3582,"date":"2026-03-23T12:47:15","date_gmt":"2026-03-23T12:47:15","guid":{"rendered":"https:\/\/educaredigital.online\/loja\/produto\/jogo-de-argolas-cruz-mdf-10-pc\/"},"modified":"2026-04-27T11:42:02","modified_gmt":"2026-04-27T11:42:02","slug":"jogo-de-argolas-cruz-mdf-10-pc","status":"publish","type":"product","link":"https:\/\/educaredigital.online\/loja\/produto\/jogo-de-argolas-cruz-mdf-10-pc\/","title":{"rendered":"Jogo de Argolas Cruz &#8211; MDF &#8211; 10 Pe\u00e7as"},"content":{"rendered":"<div class=\"ds-message _63c77b1\">\n<div class=\"ds-markdown\">\n<p class=\"ds-markdown-paragraph\">O\u00a0<strong>Jogo de Argolas Cruz &#8211; MDF &#8211; 10 Pe\u00e7as<\/strong>\u00a0\u00e9 uma vers\u00e3o aprimorada do cl\u00e1ssico jogo de argolas, confeccionado em M.D.F. (Madeira de Fibra de M\u00e9dia Densidade). Sua principal caracter\u00edstica \u00e9 a base, formada por <strong>duas pe\u00e7as de 45 x 7 cm que se encaixam em uma cruz est\u00e1vel<\/strong>, montada em dimens\u00f5es de 45 x 45 x 11,5 cm. O kit acompanha\u00a0<strong>5 pinos coloridos de madeira<\/strong>\u00a0(10 x 2 cm) e\u00a0<strong>3 argolas de pl\u00e1stico resistentes e coloridas<\/strong> com 10 cm de di\u00e2metro.<\/p>\n<p class=\"ds-markdown-paragraph\">A din\u00e2mica do jogo consiste em acertar as argolas nos pinos a partir de uma certa dist\u00e2ncia, sendo uma atividade que trabalha\u00a0<strong>organiza\u00e7\u00e3o espacial e temporal<\/strong>,\u00a0<strong>coordena\u00e7\u00e3o motora<\/strong>\u00a0e\u00a0<strong>controle da for\u00e7a muscular<\/strong>. Perfeito para brincadeiras em fam\u00edlia ou atividades pedag\u00f3gicas, pode ser praticado\u00a0<strong>individualmente ou em grupo<\/strong>, inclusive como um jogo de competi\u00e7\u00e3o e gincana. \u00c9 uma ferramenta divertida que transforma o aprendizado em momentos de lazer ativo, estimulando a concentra\u00e7\u00e3o e a socializa\u00e7\u00e3o.<\/p>\n<div class=\"details-table-wrapper\">\n<table class=\"product-details-table\">\n<tbody>\n<tr>\n<td>Marca<\/td>\n<td>Carlu<\/td>\n<\/tr>\n<tr>\n<td>Material<\/td>\n<td>\u00a0MDF<\/td>\n<\/tr>\n<tr>\n<td>Faixa Et\u00e1ria<\/td>\n<td>A partir de 4 Anos<\/td>\n<\/tr>\n<\/tbody>\n<\/table>\n<\/div>\n<\/div>\n<\/div>\n","protected":false},"excerpt":{"rendered":"<p>O\u00a0Jogo de Argolas Cruz &#8211; MDF &#8211; 10 Pe\u00e7as\u00a0\u00e9 uma vers\u00e3o aprimorada do cl\u00e1ssico jogo de argolas, confeccionado em M.D.F. (Madeira de Fibra de M\u00e9dia Densidade). Sua principal caracter\u00edstica \u00e9 a base, formada por duas pe\u00e7as de 45 x 7<\/p>\n","protected":false},"featured_media":3581,"comment_status":"open","ping_status":"closed","template":"","meta":[],"product_brand":[236],"product_cat":[211],"product_tag":[],"class_list":{"0":"post-3582","1":"product","2":"type-product","3":"status-publish","6":"product_brand-carlu","7":"product_cat-psicomotricidade-jogos-e-brinquedos","9":"first","10":"instock","11":"shipping-taxable","12":"purchasable","13":"product-type-simple"},"_links":{"self":[{"href":"https:\/\/educaredigital.online\/loja\/wp-json\/wp\/v2\/product\/3582","targetHints":{"allow":["GET"]}}],"collection":[{"href":"https:\/\/educaredigital.online\/loja\/wp-json\/wp\/v2\/product"}],"about":[{"href":"https:\/\/educaredigital.online\/loja\/wp-json\/wp\/v2\/types\/product"}],"replies":[{"embeddable":true,"href":"https:\/\/educaredigital.online\/loja\/wp-json\/wp\/v2\/comments?post=3582"}],"wp:featuredmedia":[{"embeddable":true,"href":"https:\/\/educaredigital.online\/loja\/wp-json\/wp\/v2\/media\/3581"}],"wp:attachment":[{"href":"https:\/\/educaredigital.online\/loja\/wp-json\/wp\/v2\/media?parent=3582"}],"wp:term":[{"taxonomy":"product_brand","embeddable":true,"href":"https:\/\/educaredigital.online\/loja\/wp-json\/wp\/v2\/product_brand?post=3582"},{"taxonomy":"product_cat","embeddable":true,"href":"https:\/\/educaredigital.online\/loja\/wp-json\/wp\/v2\/product_cat?post=3582"},{"taxonomy":"product_tag","embeddable":true,"href":"https:\/\/educaredigital.online\/loja\/wp-json\/wp\/v2\/product_tag?post=3582"}],"curies":[{"name":"wp","href":"https:\/\/api.w.org\/{rel}","templated":true}]}}