{"id":3580,"date":"2026-03-23T12:47:14","date_gmt":"2026-03-23T12:47:14","guid":{"rendered":"https:\/\/educaredigital.online\/loja\/produto\/quebra-cabeca-inclusao-social-base-mdf-24-pc\/"},"modified":"2026-04-27T11:42:10","modified_gmt":"2026-04-27T11:42:10","slug":"quebra-cabeca-inclusao-social-base-mdf-24-pc","status":"publish","type":"product","link":"https:\/\/educaredigital.online\/loja\/produto\/quebra-cabeca-inclusao-social-base-mdf-24-pc\/","title":{"rendered":"Quebra-Cabe\u00e7a Inclus\u00e3o Social &#8211; BASE MDF &#8211; 24 Pe\u00e7as"},"content":{"rendered":"<p class=\"ds-markdown-paragraph\">O\u00a0<strong>Quebra-Cabe\u00e7a Inclus\u00e3o Social<\/strong>, \u00e9 um jogo educativo confeccionado em M.D.F., composto por <strong>24 pe\u00e7as pintadas e serigrafadas em policromia ultravioleta at\u00f3xica<\/strong>. Sua ilustra\u00e7\u00e3o retrata\u00a0<strong>crian\u00e7as de diferentes etnias brincando de m\u00e3os dadas em roda<\/strong>, promovendo valores de diversidade e uni\u00e3o. O produto inclui uma\u00a0<strong>base de M.D.F. com fundo em baixo relevo<\/strong> medindo 33,5 x 26,5 cm, que serve como guia para a montagem final do quebra-cabe\u00e7a, cujo tamanho montado \u00e9 de 30 x 23 cm.<\/p>\n<p class=\"ds-markdown-paragraph\">Al\u00e9m de proporcionar momentos de lazer, o quebra-cabe\u00e7a \u00e9 uma ferramenta pedag\u00f3gica que\u00a0<strong>estimula a mem\u00f3ria, o racioc\u00ednio l\u00f3gico e abstrato, a coordena\u00e7\u00e3o motora fina e a percep\u00e7\u00e3o visual<\/strong>. Ao manusear as pe\u00e7as e encaix\u00e1-las na base, a crian\u00e7a desenvolve habilidades essenciais para o aprendizado, enquanto assimila, de forma l\u00fadica, importantes li\u00e7\u00f5es sobre\u00a0<strong>inclus\u00e3o e respeito \u00e0s diferen\u00e7as<\/strong>. Pode ser utilizado\u00a0<strong>individualmente ou em grupo<\/strong>, sendo ideal tanto para o ambiente escolar quanto para momentos em fam\u00edlia, sempre aliando divers\u00e3o ao desenvolvimento cognitivo e socioemocional.<\/p>\n<div class=\"details-table-wrapper\">\n<table class=\"product-details-table\">\n<tbody>\n<tr>\n<td>Marca<\/td>\n<td>Carlu<\/td>\n<\/tr>\n<tr>\n<td>Material<\/td>\n<td>\u00a0MDF<\/td>\n<\/tr>\n<tr>\n<td>Faixa Et\u00e1ria<\/td>\n<td>A partir de 4 Anos<\/td>\n<\/tr>\n<\/tbody>\n<\/table>\n<\/div>\n","protected":false},"excerpt":{"rendered":"<p>O\u00a0Quebra-Cabe\u00e7a Inclus\u00e3o Social, \u00e9 um jogo educativo confeccionado em M.D.F., composto por 24 pe\u00e7as pintadas e serigrafadas em policromia ultravioleta at\u00f3xica. Sua ilustra\u00e7\u00e3o retrata\u00a0crian\u00e7as de diferentes etnias brincando de m\u00e3os dadas em roda, promovendo valores de diversidade e uni\u00e3o. O<\/p>\n","protected":false},"featured_media":3579,"comment_status":"open","ping_status":"closed","template":"","meta":[],"product_brand":[236],"product_cat":[211],"product_tag":[],"class_list":{"0":"post-3580","1":"product","2":"type-product","3":"status-publish","6":"product_brand-carlu","7":"product_cat-psicomotricidade-jogos-e-brinquedos","9":"first","10":"instock","11":"shipping-taxable","12":"purchasable","13":"product-type-simple"},"_links":{"self":[{"href":"https:\/\/educaredigital.online\/loja\/wp-json\/wp\/v2\/product\/3580","targetHints":{"allow":["GET"]}}],"collection":[{"href":"https:\/\/educaredigital.online\/loja\/wp-json\/wp\/v2\/product"}],"about":[{"href":"https:\/\/educaredigital.online\/loja\/wp-json\/wp\/v2\/types\/product"}],"replies":[{"embeddable":true,"href":"https:\/\/educaredigital.online\/loja\/wp-json\/wp\/v2\/comments?post=3580"}],"wp:featuredmedia":[{"embeddable":true,"href":"https:\/\/educaredigital.online\/loja\/wp-json\/wp\/v2\/media\/3579"}],"wp:attachment":[{"href":"https:\/\/educaredigital.online\/loja\/wp-json\/wp\/v2\/media?parent=3580"}],"wp:term":[{"taxonomy":"product_brand","embeddable":true,"href":"https:\/\/educaredigital.online\/loja\/wp-json\/wp\/v2\/product_brand?post=3580"},{"taxonomy":"product_cat","embeddable":true,"href":"https:\/\/educaredigital.online\/loja\/wp-json\/wp\/v2\/product_cat?post=3580"},{"taxonomy":"product_tag","embeddable":true,"href":"https:\/\/educaredigital.online\/loja\/wp-json\/wp\/v2\/product_tag?post=3580"}],"curies":[{"name":"wp","href":"https:\/\/api.w.org\/{rel}","templated":true}]}}