{"id":3574,"date":"2026-03-23T12:47:06","date_gmt":"2026-03-23T12:47:06","guid":{"rendered":"https:\/\/educaredigital.online\/loja\/produto\/aramado-borboleta-19-pecas\/"},"modified":"2026-04-27T11:42:40","modified_gmt":"2026-04-27T11:42:40","slug":"aramado-borboleta-19-pecas","status":"publish","type":"product","link":"https:\/\/educaredigital.online\/loja\/produto\/aramado-borboleta-19-pecas\/","title":{"rendered":"Aramado Borboleta  &#8211; 19 Pe\u00e7as"},"content":{"rendered":"<p class=\"ds-markdown-paragraph\">O\u00a0<strong>Aramado Borboleta &#8211; 19 Pe\u00e7as<\/strong>\u00a0 \u00e9 um brinquedo educativo confeccionado em madeira, M.D.F. e arame, que estimula o desenvolvimento infantil de forma l\u00fadica. O kit acompanha <strong>3 circuitos aramados<\/strong>\u00a0(dois deles passam pelas asas vazadas de uma borboleta central) e\u00a0<strong>19 pe\u00e7as coloridas e de formas variadas<\/strong>, que a crian\u00e7a deve deslizar pelos caminhos. A base \u00e9 est\u00e1vel e possui\u00a0<strong>4 rodinhas laterais<\/strong> para que o brinquedo possa ser usado em qualquer superf\u00edcie, e todas as pe\u00e7as e arames s\u00e3o pintados com tinta at\u00f3xica, garantindo a seguran\u00e7a do produto.<\/p>\n<p class=\"ds-markdown-paragraph\">Esta atividade, que pode ser realizada\u00a0<strong>individualmente<\/strong>, auxilia no desenvolvimento da\u00a0<strong>motricidade fina, da coordena\u00e7\u00e3o visomotora e da percep\u00e7\u00e3o visual<\/strong>, al\u00e9m de promover a concentra\u00e7\u00e3o, a paci\u00eancia e a resolu\u00e7\u00e3o de problemas de forma divertida e aut\u00f4noma. O brinquedo mede 20 x 17 x 23 cm e \u00e9 um excelente recurso pedag\u00f3gico, inspirado em conceitos montessorianos, que transforma o aprendizado em uma experi\u00eancia t\u00e1til e envolvente para os pequenos.<\/p>\n<div class=\"details-table-wrapper\">\n<table class=\"product-details-table\">\n<tbody>\n<tr>\n<td>Marca<\/td>\n<td>Carlu<\/td>\n<\/tr>\n<tr>\n<td>Material<\/td>\n<td>\u00a0MDF e Arame<\/td>\n<\/tr>\n<tr>\n<td>Faixa Et\u00e1ria<\/td>\n<td>A partir de 2 Anos<\/td>\n<\/tr>\n<\/tbody>\n<\/table>\n<\/div>\n","protected":false},"excerpt":{"rendered":"<p>O\u00a0Aramado Borboleta &#8211; 19 Pe\u00e7as\u00a0 \u00e9 um brinquedo educativo confeccionado em madeira, M.D.F. e arame, que estimula o desenvolvimento infantil de forma l\u00fadica. O kit acompanha 3 circuitos aramados\u00a0(dois deles passam pelas asas vazadas de uma borboleta central) e\u00a019 pe\u00e7as<\/p>\n","protected":false},"featured_media":3573,"comment_status":"open","ping_status":"closed","template":"","meta":[],"product_brand":[236],"product_cat":[211],"product_tag":[],"class_list":{"0":"post-3574","1":"product","2":"type-product","3":"status-publish","6":"product_brand-carlu","7":"product_cat-psicomotricidade-jogos-e-brinquedos","9":"first","10":"instock","11":"shipping-taxable","12":"purchasable","13":"product-type-simple"},"_links":{"self":[{"href":"https:\/\/educaredigital.online\/loja\/wp-json\/wp\/v2\/product\/3574","targetHints":{"allow":["GET"]}}],"collection":[{"href":"https:\/\/educaredigital.online\/loja\/wp-json\/wp\/v2\/product"}],"about":[{"href":"https:\/\/educaredigital.online\/loja\/wp-json\/wp\/v2\/types\/product"}],"replies":[{"embeddable":true,"href":"https:\/\/educaredigital.online\/loja\/wp-json\/wp\/v2\/comments?post=3574"}],"wp:featuredmedia":[{"embeddable":true,"href":"https:\/\/educaredigital.online\/loja\/wp-json\/wp\/v2\/media\/3573"}],"wp:attachment":[{"href":"https:\/\/educaredigital.online\/loja\/wp-json\/wp\/v2\/media?parent=3574"}],"wp:term":[{"taxonomy":"product_brand","embeddable":true,"href":"https:\/\/educaredigital.online\/loja\/wp-json\/wp\/v2\/product_brand?post=3574"},{"taxonomy":"product_cat","embeddable":true,"href":"https:\/\/educaredigital.online\/loja\/wp-json\/wp\/v2\/product_cat?post=3574"},{"taxonomy":"product_tag","embeddable":true,"href":"https:\/\/educaredigital.online\/loja\/wp-json\/wp\/v2\/product_tag?post=3574"}],"curies":[{"name":"wp","href":"https:\/\/api.w.org\/{rel}","templated":true}]}}