{"id":3517,"date":"2026-03-23T11:16:23","date_gmt":"2026-03-23T11:16:23","guid":{"rendered":"https:\/\/educaredigital.online\/loja\/produto\/kit-doutor-traumatologista\/"},"modified":"2026-04-27T11:47:59","modified_gmt":"2026-04-27T11:47:59","slug":"kit-doutor-traumatologista","status":"publish","type":"product","link":"https:\/\/educaredigital.online\/loja\/produto\/kit-doutor-traumatologista\/","title":{"rendered":"Kit Dr. Traumatologista"},"content":{"rendered":"<div class=\"ds-message _63c77b1\">\n<div class=\"ds-markdown\">\n<p class=\"ds-markdown-paragraph\"><strong>Kit Dr. Traumatologista<\/strong>\u00a0Diferente dos kits m\u00e9dicos convencionais, esta vers\u00e3o \u00e9 especializada no cuidado com fraturas e les\u00f5es, incluindo acess\u00f3rios como\u00a0<strong>talas imobilizadoras, tipoias, ataduras, faixas el\u00e1sticas e itens para simular a aplica\u00e7\u00e3o de gesso<\/strong>, permitindo que os pequenos assumam o papel de m\u00e9dicos traumatologistas ou ortopedistas. O kit incentiva a empatia, o cuidado com o pr\u00f3ximo e a desmistifica\u00e7\u00e3o de procedimentos m\u00e9dicos de forma l\u00fadica, promovendo momentos de intera\u00e7\u00e3o e acolhimento entre pais e filhos durante a brincadeira.<\/p>\n<div class=\"details-table-wrapper\">\n<table class=\"product-details-table\">\n<tbody>\n<tr>\n<td>Marca<\/td>\n<td>Pais e Filhos<\/td>\n<\/tr>\n<tr>\n<td>Material<\/td>\n<td>Pl\u00e1stico<\/td>\n<\/tr>\n<tr>\n<td>Faixa Et\u00e1ria<\/td>\n<td>A partir de 3 Anos<\/td>\n<\/tr>\n<\/tbody>\n<\/table>\n<\/div>\n<\/div>\n<\/div>\n","protected":false},"excerpt":{"rendered":"<p>Kit Dr. Traumatologista\u00a0Diferente dos kits m\u00e9dicos convencionais, esta vers\u00e3o \u00e9 especializada no cuidado com fraturas e les\u00f5es, incluindo acess\u00f3rios como\u00a0talas imobilizadoras, tipoias, ataduras, faixas el\u00e1sticas e itens para simular a aplica\u00e7\u00e3o de gesso, permitindo que os pequenos assumam o papel<\/p>\n","protected":false},"featured_media":3516,"comment_status":"open","ping_status":"closed","template":"","meta":[],"product_brand":[233],"product_cat":[213],"product_tag":[],"class_list":{"0":"post-3517","1":"product","2":"type-product","3":"status-publish","6":"product_brand-pais-e-filhos","7":"product_cat-brinquedos-jogos-e-brinquedos","9":"first","10":"instock","11":"shipping-taxable","12":"purchasable","13":"product-type-simple"},"_links":{"self":[{"href":"https:\/\/educaredigital.online\/loja\/wp-json\/wp\/v2\/product\/3517","targetHints":{"allow":["GET"]}}],"collection":[{"href":"https:\/\/educaredigital.online\/loja\/wp-json\/wp\/v2\/product"}],"about":[{"href":"https:\/\/educaredigital.online\/loja\/wp-json\/wp\/v2\/types\/product"}],"replies":[{"embeddable":true,"href":"https:\/\/educaredigital.online\/loja\/wp-json\/wp\/v2\/comments?post=3517"}],"wp:featuredmedia":[{"embeddable":true,"href":"https:\/\/educaredigital.online\/loja\/wp-json\/wp\/v2\/media\/3516"}],"wp:attachment":[{"href":"https:\/\/educaredigital.online\/loja\/wp-json\/wp\/v2\/media?parent=3517"}],"wp:term":[{"taxonomy":"product_brand","embeddable":true,"href":"https:\/\/educaredigital.online\/loja\/wp-json\/wp\/v2\/product_brand?post=3517"},{"taxonomy":"product_cat","embeddable":true,"href":"https:\/\/educaredigital.online\/loja\/wp-json\/wp\/v2\/product_cat?post=3517"},{"taxonomy":"product_tag","embeddable":true,"href":"https:\/\/educaredigital.online\/loja\/wp-json\/wp\/v2\/product_tag?post=3517"}],"curies":[{"name":"wp","href":"https:\/\/api.w.org\/{rel}","templated":true}]}}