{"id":3511,"date":"2026-03-23T11:16:15","date_gmt":"2026-03-23T11:16:15","guid":{"rendered":"https:\/\/educaredigital.online\/loja\/produto\/sequencia-certa\/"},"modified":"2026-04-27T20:40:17","modified_gmt":"2026-04-27T20:40:17","slug":"sequencia-certa","status":"publish","type":"product","link":"https:\/\/educaredigital.online\/loja\/produto\/sequencia-certa\/","title":{"rendered":"Sequ\u00eancia Certa"},"content":{"rendered":"<p class=\"ds-markdown-paragraph\"><strong>Sequ\u00eancia Certa<\/strong> \u00e9 um jogo interativo que trabalha o racioc\u00ednio l\u00f3gico e a ordena\u00e7\u00e3o de ideias de forma simples e muito divertida. O desafio \u00e9 organizar figuras coloridas e ilustradas em uma ordem l\u00f3gica, ajudando as crian\u00e7as a compreenderem no\u00e7\u00f5es de sequ\u00eancia, causa e efeito de maneira concreta e visual. Feito com <strong>pe\u00e7as de encaixe em madeira<\/strong>\u00a0e\u00a0<strong>cartas ilustradas<\/strong>, o jogo estimula a aten\u00e7\u00e3o, a percep\u00e7\u00e3o visual e o reconhecimento de formas e cores.<\/p>\n<p class=\"ds-markdown-paragraph\">\u00a0Podendo ser jogado de maneira individual ou entre amigos, o &#8220;Sequ\u00eancia Certa&#8221; \u00e9 uma ferramenta educativa vers\u00e1til indicada para uso em casa, na escola e at\u00e9 em terapias. Por ser parte da <strong>Linha Inclusiva<\/strong>\u00a0da fabricante, ele \u00e9 especialmente desenvolvido para atender diferentes ritmos de aprendizagem, sendo uma excelente pedida para desenvolver a paci\u00eancia, a concentra\u00e7\u00e3o e o pensamento anal\u00edtico desde cedo.<\/p>\n<div class=\"details-table-wrapper\">\n<table class=\"product-details-table\">\n<tbody>\n<tr>\n<td>Marca<\/td>\n<td>Pais e Filhos<\/td>\n<\/tr>\n<tr>\n<td>Material<\/td>\n<td>\u00a0MDF<\/td>\n<\/tr>\n<tr>\n<td>Faixa Et\u00e1ria<\/td>\n<td>A partir de 3 Anos<\/td>\n<\/tr>\n<tr>\n<td>Quantidade De Jogadores<\/td>\n<td>1 a 3 Jogadores<\/td>\n<\/tr>\n<\/tbody>\n<\/table>\n<\/div>\n","protected":false},"excerpt":{"rendered":"<p>Sequ\u00eancia Certa \u00e9 um jogo interativo que trabalha o racioc\u00ednio l\u00f3gico e a ordena\u00e7\u00e3o de ideias de forma simples e muito divertida. O desafio \u00e9 organizar figuras coloridas e ilustradas em uma ordem l\u00f3gica, ajudando as crian\u00e7as a compreenderem no\u00e7\u00f5es<\/p>\n","protected":false},"featured_media":3510,"comment_status":"open","ping_status":"closed","template":"","meta":[],"product_brand":[233],"product_cat":[211],"product_tag":[],"class_list":{"0":"post-3511","1":"product","2":"type-product","3":"status-publish","6":"product_brand-pais-e-filhos","7":"product_cat-psicomotricidade-jogos-e-brinquedos","9":"first","10":"instock","11":"shipping-taxable","12":"purchasable","13":"product-type-simple"},"_links":{"self":[{"href":"https:\/\/educaredigital.online\/loja\/wp-json\/wp\/v2\/product\/3511","targetHints":{"allow":["GET"]}}],"collection":[{"href":"https:\/\/educaredigital.online\/loja\/wp-json\/wp\/v2\/product"}],"about":[{"href":"https:\/\/educaredigital.online\/loja\/wp-json\/wp\/v2\/types\/product"}],"replies":[{"embeddable":true,"href":"https:\/\/educaredigital.online\/loja\/wp-json\/wp\/v2\/comments?post=3511"}],"wp:featuredmedia":[{"embeddable":true,"href":"https:\/\/educaredigital.online\/loja\/wp-json\/wp\/v2\/media\/3510"}],"wp:attachment":[{"href":"https:\/\/educaredigital.online\/loja\/wp-json\/wp\/v2\/media?parent=3511"}],"wp:term":[{"taxonomy":"product_brand","embeddable":true,"href":"https:\/\/educaredigital.online\/loja\/wp-json\/wp\/v2\/product_brand?post=3511"},{"taxonomy":"product_cat","embeddable":true,"href":"https:\/\/educaredigital.online\/loja\/wp-json\/wp\/v2\/product_cat?post=3511"},{"taxonomy":"product_tag","embeddable":true,"href":"https:\/\/educaredigital.online\/loja\/wp-json\/wp\/v2\/product_tag?post=3511"}],"curies":[{"name":"wp","href":"https:\/\/api.w.org\/{rel}","templated":true}]}}