{"id":3487,"date":"2026-03-23T11:15:50","date_gmt":"2026-03-23T11:15:50","guid":{"rendered":"https:\/\/educaredigital.online\/loja\/produto\/soletrar-conhecendo-os-sentimentos\/"},"modified":"2026-04-27T21:08:00","modified_gmt":"2026-04-27T21:08:00","slug":"soletrar-conhecendo-os-sentimentos","status":"publish","type":"product","link":"https:\/\/educaredigital.online\/loja\/produto\/soletrar-conhecendo-os-sentimentos\/","title":{"rendered":"Soletrar &#8211; Conhecendo os Sentimentos"},"content":{"rendered":"<p class=\"ds-markdown-paragraph\"><strong>Jogo<\/strong> <strong>Soletrar \u2013 Conhecendo os Sentimentos<\/strong>,\u00a0 que faz parte da <strong>Linha Inclusiva<\/strong>\u00a0da marca, \u00e9 uma ferramenta inovadora que ensina a soletrar palavras enquanto as crian\u00e7as aprendem a reconhecer suas pr\u00f3prias emo\u00e7\u00f5es em um ambiente l\u00fadico e acolhedor. Para jogar, as fichas s\u00e3o espalhadas sobre a mesa e a crian\u00e7a escolhe uma cartela que traz a ilustra\u00e7\u00e3o de um simp\u00e1tico personagem expressando um sentimento bem espec\u00edfico, acompanhada de outras figuras que representam letras pelas suas iniciais. A partir da\u00ed, o pequeno \u00e9 desafiado a identificar o que a figura est\u00e1 sentindo e a juntar as letras que formam o nome daquela emo\u00e7\u00e3o, criando uma ponte direta entre o universo das palavras e o mundo interior.<\/p>\n<p class=\"ds-markdown-paragraph\">Mais do que um simples jogo educativo, este brinquedo \u00e9 desenvolvido para\u00a0<strong>auxiliar a percep\u00e7\u00e3o visual, a fala, a alfabetiza\u00e7\u00e3o, a coordena\u00e7\u00e3o motora, o racioc\u00ednio l\u00f3gico e a intelig\u00eancia emocional<\/strong>. O kit vem com\u00a0<strong>141 letras do alfabeto<\/strong>\u00a0e\u00a0<strong>19 fichas com imagens<\/strong>, podendo ser jogado individualmente ou em grupo. Assim, se a crian\u00e7a n\u00e3o souber nomear o sentimento de imediato, ela pode descobri-lo atrav\u00e9s da pr\u00f3pria forma\u00e7\u00e3o da palavra, aprendendo na pr\u00e1tica, de uma maneira criativa, a dar nome e significado \u00e0s suas viv\u00eancias emocionais.<\/p>\n<div class=\"details-table-wrapper\">\n<table class=\"product-details-table\">\n<tbody>\n<tr>\n<td>Marca<\/td>\n<td>Pais e Filhos<\/td>\n<\/tr>\n<tr>\n<td>Material<\/td>\n<td>\u00a0Papel Cart\u00e3o<\/td>\n<\/tr>\n<tr>\n<td>Faixa Et\u00e1ria<\/td>\n<td>A partir de 4 Anos<\/td>\n<\/tr>\n<tr>\n<td>Quantidade De Jogadores<\/td>\n<td>1 ou mais Jogadores<\/td>\n<\/tr>\n<\/tbody>\n<\/table>\n<\/div>\n","protected":false},"excerpt":{"rendered":"<p>Jogo Soletrar \u2013 Conhecendo os Sentimentos,\u00a0 que faz parte da Linha Inclusiva\u00a0da marca, \u00e9 uma ferramenta inovadora que ensina a soletrar palavras enquanto as crian\u00e7as aprendem a reconhecer suas pr\u00f3prias emo\u00e7\u00f5es em um ambiente l\u00fadico e acolhedor. Para jogar, as<\/p>\n","protected":false},"featured_media":3486,"comment_status":"open","ping_status":"closed","template":"","meta":[],"product_brand":[233],"product_cat":[209],"product_tag":[],"class_list":{"0":"post-3487","1":"product","2":"type-product","3":"status-publish","6":"product_brand-pais-e-filhos","7":"product_cat-letramento-jogos-e-brinquedos","9":"first","10":"instock","11":"shipping-taxable","12":"purchasable","13":"product-type-simple"},"_links":{"self":[{"href":"https:\/\/educaredigital.online\/loja\/wp-json\/wp\/v2\/product\/3487","targetHints":{"allow":["GET"]}}],"collection":[{"href":"https:\/\/educaredigital.online\/loja\/wp-json\/wp\/v2\/product"}],"about":[{"href":"https:\/\/educaredigital.online\/loja\/wp-json\/wp\/v2\/types\/product"}],"replies":[{"embeddable":true,"href":"https:\/\/educaredigital.online\/loja\/wp-json\/wp\/v2\/comments?post=3487"}],"wp:featuredmedia":[{"embeddable":true,"href":"https:\/\/educaredigital.online\/loja\/wp-json\/wp\/v2\/media\/3486"}],"wp:attachment":[{"href":"https:\/\/educaredigital.online\/loja\/wp-json\/wp\/v2\/media?parent=3487"}],"wp:term":[{"taxonomy":"product_brand","embeddable":true,"href":"https:\/\/educaredigital.online\/loja\/wp-json\/wp\/v2\/product_brand?post=3487"},{"taxonomy":"product_cat","embeddable":true,"href":"https:\/\/educaredigital.online\/loja\/wp-json\/wp\/v2\/product_cat?post=3487"},{"taxonomy":"product_tag","embeddable":true,"href":"https:\/\/educaredigital.online\/loja\/wp-json\/wp\/v2\/product_tag?post=3487"}],"curies":[{"name":"wp","href":"https:\/\/api.w.org\/{rel}","templated":true}]}}