{"id":3485,"date":"2026-03-23T11:15:48","date_gmt":"2026-03-23T11:15:48","guid":{"rendered":"https:\/\/educaredigital.online\/loja\/produto\/ache-e-encaixe-como-me-sinto\/"},"modified":"2026-04-27T21:15:47","modified_gmt":"2026-04-27T21:15:47","slug":"ache-e-encaixe-como-me-sinto","status":"publish","type":"product","link":"https:\/\/educaredigital.online\/loja\/produto\/ache-e-encaixe-como-me-sinto\/","title":{"rendered":"Ache e Encaixe &#8211; Como me Sinto?"},"content":{"rendered":"<p class=\"ds-markdown-paragraph\"><strong>&#8220;Ache e Encaixe \u2013 Como me Sinto?&#8221;<\/strong>\u00a0\u00e9 um\u00a0<strong>quebra-cabe\u00e7a interativo focado na educa\u00e7\u00e3o socioemocional<\/strong>\u00a0que utiliza uma din\u00e2mica de associa\u00e7\u00e3o, encaixe e um giro de roleta para auxiliar as crian\u00e7as a reconhecer e nomear seus sentimentos. Composto por\u00a0<strong>48 ou 49 pe\u00e7as<\/strong>\u00a0para montar as express\u00f5es faciais e uma\u00a0<strong>roleta com situa\u00e7\u00f5es do dia a dia<\/strong>, o jogo desafia o pequeno a\u00a0<strong>completar o rostinho de um personagem de acordo com o que ele sente na situa\u00e7\u00e3o sorteada<\/strong>.<\/p>\n<p class=\"ds-markdown-paragraph\">\u00a0Ele \u00e9 uma ferramenta l\u00fadica e acess\u00edvel em casa, na escola ou em cl\u00ednicas para <strong>exercitar a coordena\u00e7\u00e3o motora fina, a percep\u00e7\u00e3o visual e o desenvolvimento da intelig\u00eancia emocional<\/strong>. Ao estimular a\u00a0<strong>verbaliza\u00e7\u00e3o dos sentimentos<\/strong>, o jogo tamb\u00e9m promove a confian\u00e7a e a empatia,\u00a0<strong>ensinando os pequenos a lidar com suas pr\u00f3prias emo\u00e7\u00f5es e a expressar como se sentem de forma clara e saud\u00e1vel<\/strong><\/p>\n<div class=\"details-table-wrapper\">\n<table class=\"product-details-table\">\n<tbody>\n<tr>\n<td>Marca<\/td>\n<td>Pais e Filhos<\/td>\n<\/tr>\n<tr>\n<td>Material<\/td>\n<td>\u00a0Papel Cart\u00e3o<\/td>\n<\/tr>\n<tr>\n<td>Faixa Et\u00e1ria<\/td>\n<td>A partir de 4 Anos<\/td>\n<\/tr>\n<tr>\n<td>Quantidade De Jogadores<\/td>\n<td>1 a 5 Jogadores<\/td>\n<\/tr>\n<\/tbody>\n<\/table>\n<\/div>\n","protected":false},"excerpt":{"rendered":"<p>&#8220;Ache e Encaixe \u2013 Como me Sinto?&#8221;\u00a0\u00e9 um\u00a0quebra-cabe\u00e7a interativo focado na educa\u00e7\u00e3o socioemocional\u00a0que utiliza uma din\u00e2mica de associa\u00e7\u00e3o, encaixe e um giro de roleta para auxiliar as crian\u00e7as a reconhecer e nomear seus sentimentos. Composto por\u00a048 ou 49 pe\u00e7as\u00a0para montar<\/p>\n","protected":false},"featured_media":3484,"comment_status":"open","ping_status":"closed","template":"","meta":[],"product_brand":[233],"product_cat":[211],"product_tag":[],"class_list":{"0":"post-3485","1":"product","2":"type-product","3":"status-publish","6":"product_brand-pais-e-filhos","7":"product_cat-psicomotricidade-jogos-e-brinquedos","9":"first","10":"instock","11":"shipping-taxable","12":"purchasable","13":"product-type-simple"},"_links":{"self":[{"href":"https:\/\/educaredigital.online\/loja\/wp-json\/wp\/v2\/product\/3485","targetHints":{"allow":["GET"]}}],"collection":[{"href":"https:\/\/educaredigital.online\/loja\/wp-json\/wp\/v2\/product"}],"about":[{"href":"https:\/\/educaredigital.online\/loja\/wp-json\/wp\/v2\/types\/product"}],"replies":[{"embeddable":true,"href":"https:\/\/educaredigital.online\/loja\/wp-json\/wp\/v2\/comments?post=3485"}],"wp:featuredmedia":[{"embeddable":true,"href":"https:\/\/educaredigital.online\/loja\/wp-json\/wp\/v2\/media\/3484"}],"wp:attachment":[{"href":"https:\/\/educaredigital.online\/loja\/wp-json\/wp\/v2\/media?parent=3485"}],"wp:term":[{"taxonomy":"product_brand","embeddable":true,"href":"https:\/\/educaredigital.online\/loja\/wp-json\/wp\/v2\/product_brand?post=3485"},{"taxonomy":"product_cat","embeddable":true,"href":"https:\/\/educaredigital.online\/loja\/wp-json\/wp\/v2\/product_cat?post=3485"},{"taxonomy":"product_tag","embeddable":true,"href":"https:\/\/educaredigital.online\/loja\/wp-json\/wp\/v2\/product_tag?post=3485"}],"curies":[{"name":"wp","href":"https:\/\/api.w.org\/{rel}","templated":true}]}}