{"id":3467,"date":"2026-03-20T14:06:41","date_gmt":"2026-03-20T14:06:41","guid":{"rendered":"https:\/\/educaredigital.online\/loja\/produto\/jogo-das-argolas\/"},"modified":"2026-04-27T14:53:37","modified_gmt":"2026-04-27T14:53:37","slug":"jogo-das-argolas","status":"publish","type":"product","link":"https:\/\/educaredigital.online\/loja\/produto\/jogo-das-argolas\/","title":{"rendered":"Jogo das Argolas"},"content":{"rendered":"<p><strong>Jogo das Argolas<\/strong>\u00a0\u00e9 um cl\u00e1ssico brinquedo que desafia os participantes a acertarem argolas coloridas em um suporte, combinando movimento, precis\u00e3o e divers\u00e3o\u00a0. Cada jogador posiciona-se a uma determinada dist\u00e2ncia e lan\u00e7a as argolas tentando enquadr\u00e1-las nos pinos, valendo pontos de acordo com a cor ou a dist\u00e2ncia do alvo\u00a0.<\/p>\n<div class=\"ds-message _63c77b1\">\n<div class=\"ds-markdown\">\n<p class=\"ds-markdown-paragraph\">Al\u00e9m de promover a intera\u00e7\u00e3o social, estimula a\u00a0<strong>coordena\u00e7\u00e3o motora ampla<\/strong>, a\u00a0<strong>percep\u00e7\u00e3o visoespacial<\/strong>\u00a0e o\u00a0<strong>c\u00e1lculo de dist\u00e2ncia<\/strong>, sendo perfeito para brincadeiras em fam\u00edlia, escolas ou brinquedotecas .<\/p>\n<div class=\"details-table-wrapper\">\n<table class=\"product-details-table\">\n<tbody>\n<tr>\n<td>Marca<\/td>\n<td>Pais e Filhos<\/td>\n<\/tr>\n<tr>\n<td>Material<\/td>\n<td>\u00a0Pl\u00e1stico<\/td>\n<\/tr>\n<tr>\n<td>Faixa Et\u00e1ria<\/td>\n<td>A partir de 7 Anos<\/td>\n<\/tr>\n<tr>\n<td>Quantidade De Jogadores<\/td>\n<td>\u00a01 ou Mais Jogadores<\/td>\n<\/tr>\n<\/tbody>\n<\/table>\n<\/div>\n<\/div>\n<\/div>\n","protected":false},"excerpt":{"rendered":"<p>Jogo das Argolas\u00a0\u00e9 um cl\u00e1ssico brinquedo que desafia os participantes a acertarem argolas coloridas em um suporte, combinando movimento, precis\u00e3o e divers\u00e3o\u00a0. Cada jogador posiciona-se a uma determinada dist\u00e2ncia e lan\u00e7a as argolas tentando enquadr\u00e1-las nos pinos, valendo pontos de<\/p>\n","protected":false},"featured_media":3466,"comment_status":"open","ping_status":"closed","template":"","meta":[],"product_brand":[233],"product_cat":[213],"product_tag":[],"class_list":{"0":"post-3467","1":"product","2":"type-product","3":"status-publish","6":"product_brand-pais-e-filhos","7":"product_cat-brinquedos-jogos-e-brinquedos","9":"first","10":"instock","11":"shipping-taxable","12":"purchasable","13":"product-type-simple"},"_links":{"self":[{"href":"https:\/\/educaredigital.online\/loja\/wp-json\/wp\/v2\/product\/3467","targetHints":{"allow":["GET"]}}],"collection":[{"href":"https:\/\/educaredigital.online\/loja\/wp-json\/wp\/v2\/product"}],"about":[{"href":"https:\/\/educaredigital.online\/loja\/wp-json\/wp\/v2\/types\/product"}],"replies":[{"embeddable":true,"href":"https:\/\/educaredigital.online\/loja\/wp-json\/wp\/v2\/comments?post=3467"}],"wp:featuredmedia":[{"embeddable":true,"href":"https:\/\/educaredigital.online\/loja\/wp-json\/wp\/v2\/media\/3466"}],"wp:attachment":[{"href":"https:\/\/educaredigital.online\/loja\/wp-json\/wp\/v2\/media?parent=3467"}],"wp:term":[{"taxonomy":"product_brand","embeddable":true,"href":"https:\/\/educaredigital.online\/loja\/wp-json\/wp\/v2\/product_brand?post=3467"},{"taxonomy":"product_cat","embeddable":true,"href":"https:\/\/educaredigital.online\/loja\/wp-json\/wp\/v2\/product_cat?post=3467"},{"taxonomy":"product_tag","embeddable":true,"href":"https:\/\/educaredigital.online\/loja\/wp-json\/wp\/v2\/product_tag?post=3467"}],"curies":[{"name":"wp","href":"https:\/\/api.w.org\/{rel}","templated":true}]}}