{"id":3457,"date":"2026-03-20T14:06:33","date_gmt":"2026-03-20T14:06:33","guid":{"rendered":"https:\/\/educaredigital.online\/loja\/produto\/jogo-resta-1\/"},"modified":"2026-04-27T14:54:30","modified_gmt":"2026-04-27T14:54:30","slug":"jogo-resta-1","status":"publish","type":"product","link":"https:\/\/educaredigital.online\/loja\/produto\/jogo-resta-1\/","title":{"rendered":"Jogo Resta 1"},"content":{"rendered":"<p><strong>Resta 1<\/strong> \u00e9 um cl\u00e1ssico jogo de racioc\u00ednio l\u00f3gico que desafia o jogador a eliminar pe\u00e7as do tabuleiro at\u00e9 restar apenas uma . O tabuleiro \u00e9 preenchido com <strong>32 bolinhas<\/strong>, deixando vazia apenas a posi\u00e7\u00e3o central . Para movimentar, o jogador deve fazer uma pe\u00e7a &#8220;saltar&#8221; sobre outra adjacente na horizontal ou vertical, terminando em um espa\u00e7o vazio, e a pe\u00e7a pulada \u00e9 eliminada.<\/p>\n<p>O objetivo \u00e9 realizar os movimentos estrategicamente para que, ao final, sobre apenas uma pe\u00e7a no tabuleiro.<\/p>\n<div class=\"details-table-wrapper\">\n<table class=\"product-details-table\">\n<tbody>\n<tr>\n<td>Marca<\/td>\n<td>Pais e Filhos<\/td>\n<\/tr>\n<tr>\n<td>Material<\/td>\n<td>\u00a0Pl\u00e1stico<\/td>\n<\/tr>\n<tr>\n<td>Faixa Et\u00e1ria<\/td>\n<td>A partir de 5 Anos<\/td>\n<\/tr>\n<tr>\n<td>Quantidade De Jogadores<\/td>\n<td>\u00a01 Jogador<\/td>\n<\/tr>\n<\/tbody>\n<\/table>\n<\/div>\n","protected":false},"excerpt":{"rendered":"<p>Resta 1 \u00e9 um cl\u00e1ssico jogo de racioc\u00ednio l\u00f3gico que desafia o jogador a eliminar pe\u00e7as do tabuleiro at\u00e9 restar apenas uma . O tabuleiro \u00e9 preenchido com 32 bolinhas, deixando vazia apenas a posi\u00e7\u00e3o central . Para movimentar, o<\/p>\n","protected":false},"featured_media":3456,"comment_status":"open","ping_status":"closed","template":"","meta":[],"product_brand":[233],"product_cat":[211],"product_tag":[],"class_list":{"0":"post-3457","1":"product","2":"type-product","3":"status-publish","6":"product_brand-pais-e-filhos","7":"product_cat-psicomotricidade-jogos-e-brinquedos","9":"first","10":"instock","11":"shipping-taxable","12":"purchasable","13":"product-type-simple"},"_links":{"self":[{"href":"https:\/\/educaredigital.online\/loja\/wp-json\/wp\/v2\/product\/3457","targetHints":{"allow":["GET"]}}],"collection":[{"href":"https:\/\/educaredigital.online\/loja\/wp-json\/wp\/v2\/product"}],"about":[{"href":"https:\/\/educaredigital.online\/loja\/wp-json\/wp\/v2\/types\/product"}],"replies":[{"embeddable":true,"href":"https:\/\/educaredigital.online\/loja\/wp-json\/wp\/v2\/comments?post=3457"}],"wp:featuredmedia":[{"embeddable":true,"href":"https:\/\/educaredigital.online\/loja\/wp-json\/wp\/v2\/media\/3456"}],"wp:attachment":[{"href":"https:\/\/educaredigital.online\/loja\/wp-json\/wp\/v2\/media?parent=3457"}],"wp:term":[{"taxonomy":"product_brand","embeddable":true,"href":"https:\/\/educaredigital.online\/loja\/wp-json\/wp\/v2\/product_brand?post=3457"},{"taxonomy":"product_cat","embeddable":true,"href":"https:\/\/educaredigital.online\/loja\/wp-json\/wp\/v2\/product_cat?post=3457"},{"taxonomy":"product_tag","embeddable":true,"href":"https:\/\/educaredigital.online\/loja\/wp-json\/wp\/v2\/product_tag?post=3457"}],"curies":[{"name":"wp","href":"https:\/\/api.w.org\/{rel}","templated":true}]}}