{"id":3449,"date":"2026-03-20T14:04:22","date_gmt":"2026-03-20T14:04:22","guid":{"rendered":"https:\/\/educaredigital.online\/loja\/produto\/colecao-era-uma-vez-10-livros\/"},"modified":"2026-03-30T13:37:07","modified_gmt":"2026-03-30T13:37:07","slug":"colecao-era-uma-vez-10-livros","status":"publish","type":"product","link":"https:\/\/educaredigital.online\/loja\/produto\/colecao-era-uma-vez-10-livros\/","title":{"rendered":"Cole\u00e7\u00e3o: Era uma vez &#8211; 10 livros"},"content":{"rendered":"<p><strong>Cole\u00e7\u00e3o: Era Uma Vez<\/strong> re\u00fane hist\u00f3rias encantadoras que transportam os leitores para o universo m\u00e1gico dos contos tradicionais. Com narrativas envolventes e cheias de fantasia, a obra apresenta personagens inesquec\u00edveis e aventuras que estimulam a imagina\u00e7\u00e3o das crian\u00e7as.<\/p>\n<p>Com linguagem acess\u00edvel e ilustra\u00e7\u00f5es atrativas, o livro desperta o interesse pela leitura desde cedo, al\u00e9m de transmitir valores importantes como coragem, amizade e bondade. Ideal para momentos de leitura em fam\u00edlia, \u00e9 uma \u00f3tima porta de entrada para o mundo dos contos cl\u00e1ssicos.<\/p>\n<div class=\"details-table-wrapper\">\n<table class=\"product-details-table\">\n<tbody>\n<tr>\n<td>Autor<\/td>\n<td>Bom Bom Books<\/td>\n<\/tr>\n<tr>\n<td>Editora<\/td>\n<td>Editora BomBom Books<\/td>\n<\/tr>\n<\/tbody>\n<\/table>\n<\/div>\n","protected":false},"excerpt":{"rendered":"<p>Cole\u00e7\u00e3o: Era Uma Vez re\u00fane hist\u00f3rias encantadoras que transportam os leitores para o universo m\u00e1gico dos contos tradicionais. Com narrativas envolventes e cheias de fantasia, a obra apresenta personagens inesquec\u00edveis e aventuras que estimulam a imagina\u00e7\u00e3o das crian\u00e7as. Com linguagem<\/p>\n","protected":false},"featured_media":3448,"comment_status":"open","ping_status":"closed","template":"","meta":[],"product_brand":[],"product_cat":[202],"product_tag":[],"class_list":{"0":"post-3449","1":"product","2":"type-product","3":"status-publish","6":"product_cat-fundamental1-1ao3","8":"first","9":"instock","10":"shipping-taxable","11":"purchasable","12":"product-type-simple"},"_links":{"self":[{"href":"https:\/\/educaredigital.online\/loja\/wp-json\/wp\/v2\/product\/3449","targetHints":{"allow":["GET"]}}],"collection":[{"href":"https:\/\/educaredigital.online\/loja\/wp-json\/wp\/v2\/product"}],"about":[{"href":"https:\/\/educaredigital.online\/loja\/wp-json\/wp\/v2\/types\/product"}],"replies":[{"embeddable":true,"href":"https:\/\/educaredigital.online\/loja\/wp-json\/wp\/v2\/comments?post=3449"}],"wp:featuredmedia":[{"embeddable":true,"href":"https:\/\/educaredigital.online\/loja\/wp-json\/wp\/v2\/media\/3448"}],"wp:attachment":[{"href":"https:\/\/educaredigital.online\/loja\/wp-json\/wp\/v2\/media?parent=3449"}],"wp:term":[{"taxonomy":"product_brand","embeddable":true,"href":"https:\/\/educaredigital.online\/loja\/wp-json\/wp\/v2\/product_brand?post=3449"},{"taxonomy":"product_cat","embeddable":true,"href":"https:\/\/educaredigital.online\/loja\/wp-json\/wp\/v2\/product_cat?post=3449"},{"taxonomy":"product_tag","embeddable":true,"href":"https:\/\/educaredigital.online\/loja\/wp-json\/wp\/v2\/product_tag?post=3449"}],"curies":[{"name":"wp","href":"https:\/\/api.w.org\/{rel}","templated":true}]}}