{"id":3442,"date":"2026-03-20T14:04:12","date_gmt":"2026-03-20T14:04:12","guid":{"rendered":"https:\/\/educaredigital.online\/loja\/produto\/colecao-o-que-cabe-no-meu-mundo-2-10-livros\/"},"modified":"2026-03-23T12:32:34","modified_gmt":"2026-03-23T12:32:34","slug":"colecao-o-que-cabe-no-meu-mundo-2-10-livros","status":"publish","type":"product","link":"https:\/\/educaredigital.online\/loja\/produto\/colecao-o-que-cabe-no-meu-mundo-2-10-livros\/","title":{"rendered":"Cole\u00e7\u00e3o: O que cabe no meu mundo 2 &#8211; 10 livros"},"content":{"rendered":"<p data-start=\"0\" data-end=\"328\"><strong><span class=\"hover:entity-accent entity-underline inline cursor-pointer align-baseline\"><span class=\"whitespace-normal\">Cole\u00e7\u00e3o: O Que Cabe no Meu Mundo 2<\/span><\/span><\/strong> \u00e9 um conjunto especial com 10 livros que abordam, de forma sens\u00edvel e educativa, temas importantes do cotidiano infantil. Cada volume apresenta situa\u00e7\u00f5es e valores como respeito, empatia, responsabilidade e conviv\u00eancia, ajudando as crian\u00e7as a compreenderem melhor suas emo\u00e7\u00f5es e rela\u00e7\u00f5es.<\/p>\n<p data-start=\"330\" data-end=\"632\" data-is-last-node=\"\" data-is-only-node=\"\">Com linguagem simples e ilustra\u00e7\u00f5es encantadoras, a cole\u00e7\u00e3o incentiva o desenvolvimento emocional e social dos pequenos, promovendo reflex\u00f5es importantes de maneira leve e acess\u00edvel. Ideal para momentos de leitura em fam\u00edlia ou na escola, \u00e9 uma ferramenta valiosa para a forma\u00e7\u00e3o de valores desde cedo.<\/p>\n<div class=\"details-table-wrapper\">\n<table class=\"product-details-table\">\n<tbody>\n<tr>\n<td>Autor<\/td>\n<td>\u00a0Janayna Alves Brejo<\/td>\n<\/tr>\n<tr>\n<td>ISBN<\/td>\n<td>9788575306888<\/td>\n<\/tr>\n<tr>\n<td>Editora<\/td>\n<td>Editora BomBom Books<\/td>\n<\/tr>\n<\/tbody>\n<\/table>\n<\/div>\n","protected":false},"excerpt":{"rendered":"<p>Cole\u00e7\u00e3o: O Que Cabe no Meu Mundo 2 \u00e9 um conjunto especial com 10 livros que abordam, de forma sens\u00edvel e educativa, temas importantes do cotidiano infantil. Cada volume apresenta situa\u00e7\u00f5es e valores como respeito, empatia, responsabilidade e conviv\u00eancia, ajudando<\/p>\n","protected":false},"featured_media":3441,"comment_status":"open","ping_status":"closed","template":"","meta":[],"product_brand":[],"product_cat":[202,204],"product_tag":[],"class_list":{"0":"post-3442","1":"product","2":"type-product","3":"status-publish","6":"product_cat-fundamental1-1ao3","7":"product_cat-livros-escolares","9":"first","10":"instock","11":"shipping-taxable","12":"purchasable","13":"product-type-simple"},"_links":{"self":[{"href":"https:\/\/educaredigital.online\/loja\/wp-json\/wp\/v2\/product\/3442","targetHints":{"allow":["GET"]}}],"collection":[{"href":"https:\/\/educaredigital.online\/loja\/wp-json\/wp\/v2\/product"}],"about":[{"href":"https:\/\/educaredigital.online\/loja\/wp-json\/wp\/v2\/types\/product"}],"replies":[{"embeddable":true,"href":"https:\/\/educaredigital.online\/loja\/wp-json\/wp\/v2\/comments?post=3442"}],"wp:featuredmedia":[{"embeddable":true,"href":"https:\/\/educaredigital.online\/loja\/wp-json\/wp\/v2\/media\/3441"}],"wp:attachment":[{"href":"https:\/\/educaredigital.online\/loja\/wp-json\/wp\/v2\/media?parent=3442"}],"wp:term":[{"taxonomy":"product_brand","embeddable":true,"href":"https:\/\/educaredigital.online\/loja\/wp-json\/wp\/v2\/product_brand?post=3442"},{"taxonomy":"product_cat","embeddable":true,"href":"https:\/\/educaredigital.online\/loja\/wp-json\/wp\/v2\/product_cat?post=3442"},{"taxonomy":"product_tag","embeddable":true,"href":"https:\/\/educaredigital.online\/loja\/wp-json\/wp\/v2\/product_tag?post=3442"}],"curies":[{"name":"wp","href":"https:\/\/api.w.org\/{rel}","templated":true}]}}