{"id":3398,"date":"2026-03-17T13:02:54","date_gmt":"2026-03-17T13:02:54","guid":{"rendered":"https:\/\/educaredigital.online\/loja\/produto\/turma-da-monica-fabulas-inesqueciveis\/"},"modified":"2026-03-23T11:20:48","modified_gmt":"2026-03-23T11:20:48","slug":"turma-da-monica-fabulas-inesqueciveis","status":"publish","type":"product","link":"https:\/\/educaredigital.online\/loja\/produto\/turma-da-monica-fabulas-inesqueciveis\/","title":{"rendered":"Turma da M\u00f4nica &#8211; F\u00e1bulas Inesquec\u00edveis"},"content":{"rendered":"<p class=\"isSelectedEnd\">O livro Turma da M\u00f4nica &#8211; F\u00e1bulas Inesquec\u00edveis re\u00fane hist\u00f3rias cl\u00e1ssicas recontadas de forma divertida com os personagens da famosa Turma da M\u00f4nica. As f\u00e1bulas s\u00e3o narrativas curtas, geralmente protagonizadas por animais que agem como seres humanos, e t\u00eam como principal objetivo transmitir uma li\u00e7\u00e3o de moral ou ensinamento para o leitor.<\/p>\n<p>Nesta obra, hist\u00f3rias tradicionais ganham uma nova vers\u00e3o com M\u00f4nica, Cebolinha, Magali e Casc\u00e3o, trazendo humor, simplicidade e ensinamentos importantes sobre valores como amizade, honestidade e respeito. \u00c9 uma leitura leve e educativa, ideal para crian\u00e7as e tamb\u00e9m para quem deseja relembrar cl\u00e1ssicos de forma descontra\u00edda.<\/p>\n<div class=\"details-table-wrapper\">\n<table class=\"product-details-table\">\n<tbody>\n<tr>\n<td>Autor<\/td>\n<td>Maur\u00edcio de Sousa<\/td>\n<\/tr>\n<tr>\n<td>ISBN<\/td>\n<td>9788539424085<\/td>\n<\/tr>\n<tr>\n<td>Marca<\/td>\n<td>Editora Girassol<\/td>\n<\/tr>\n<tr>\n<td>N\u00ba de p\u00e1ginas<\/td>\n<td>240<\/td>\n<\/tr>\n<\/tbody>\n<\/table>\n<\/div>\n","protected":false},"excerpt":{"rendered":"<p>O livro Turma da M\u00f4nica &#8211; F\u00e1bulas Inesquec\u00edveis re\u00fane hist\u00f3rias cl\u00e1ssicas recontadas de forma divertida com os personagens da famosa Turma da M\u00f4nica. As f\u00e1bulas s\u00e3o narrativas curtas, geralmente protagonizadas por animais que agem como seres humanos, e t\u00eam como<\/p>\n","protected":false},"featured_media":3421,"comment_status":"open","ping_status":"closed","template":"","meta":[],"product_brand":[],"product_cat":[202,204],"product_tag":[],"class_list":{"0":"post-3398","1":"product","2":"type-product","3":"status-publish","6":"product_cat-fundamental1-1ao3","7":"product_cat-livros-escolares","9":"first","10":"instock","11":"shipping-taxable","12":"purchasable","13":"product-type-simple"},"_links":{"self":[{"href":"https:\/\/educaredigital.online\/loja\/wp-json\/wp\/v2\/product\/3398","targetHints":{"allow":["GET"]}}],"collection":[{"href":"https:\/\/educaredigital.online\/loja\/wp-json\/wp\/v2\/product"}],"about":[{"href":"https:\/\/educaredigital.online\/loja\/wp-json\/wp\/v2\/types\/product"}],"replies":[{"embeddable":true,"href":"https:\/\/educaredigital.online\/loja\/wp-json\/wp\/v2\/comments?post=3398"}],"wp:featuredmedia":[{"embeddable":true,"href":"https:\/\/educaredigital.online\/loja\/wp-json\/wp\/v2\/media\/3421"}],"wp:attachment":[{"href":"https:\/\/educaredigital.online\/loja\/wp-json\/wp\/v2\/media?parent=3398"}],"wp:term":[{"taxonomy":"product_brand","embeddable":true,"href":"https:\/\/educaredigital.online\/loja\/wp-json\/wp\/v2\/product_brand?post=3398"},{"taxonomy":"product_cat","embeddable":true,"href":"https:\/\/educaredigital.online\/loja\/wp-json\/wp\/v2\/product_cat?post=3398"},{"taxonomy":"product_tag","embeddable":true,"href":"https:\/\/educaredigital.online\/loja\/wp-json\/wp\/v2\/product_tag?post=3398"}],"curies":[{"name":"wp","href":"https:\/\/api.w.org\/{rel}","templated":true}]}}