{"id":2250,"date":"2025-12-18T22:54:10","date_gmt":"2025-12-18T22:54:10","guid":{"rendered":"https:\/\/educaredigital.online\/loja\/?post_type=product&#038;p=2250"},"modified":"2025-12-18T22:54:10","modified_gmt":"2025-12-18T22:54:10","slug":"08-contos-para-meninas-e-meninos-de-4-anos","status":"publish","type":"product","link":"https:\/\/educaredigital.online\/loja\/produto\/08-contos-para-meninas-e-meninos-de-4-anos\/","title":{"rendered":"08 Contos Para Meninas e Meninos de 4 Anos"},"content":{"rendered":"<p>Este livro cont\u00e9m 8 contos e f\u00e1bulas inesquec\u00edveis para meninos e meninas a partir de 4 anos. Com personagens humanos e animais, muitas aventuras e sempre embalados por muita ternura e esperan\u00e7a, as hist\u00f3rias ir\u00e3o entreter e proporcionar momentos de leitura agrad\u00e1veis.<\/p>\n","protected":false},"excerpt":{"rendered":"<p>Este livro cont\u00e9m 8 contos e f\u00e1bulas inesquec\u00edveis para meninos e meninas a partir de 4 anos. Com personagens humanos e animais, muitas aventuras e sempre embalados por muita ternura e esperan\u00e7a, as hist\u00f3rias ir\u00e3o entreter e proporcionar momentos de<\/p>\n","protected":false},"featured_media":2251,"comment_status":"open","ping_status":"closed","template":"","meta":[],"product_brand":[],"product_cat":[201],"product_tag":[],"class_list":{"0":"post-2250","1":"product","2":"type-product","3":"status-publish","6":"product_cat-livros-4-e-5-anos","8":"first","9":"instock","10":"shipping-taxable","11":"purchasable","12":"product-type-simple"},"_links":{"self":[{"href":"https:\/\/educaredigital.online\/loja\/wp-json\/wp\/v2\/product\/2250","targetHints":{"allow":["GET"]}}],"collection":[{"href":"https:\/\/educaredigital.online\/loja\/wp-json\/wp\/v2\/product"}],"about":[{"href":"https:\/\/educaredigital.online\/loja\/wp-json\/wp\/v2\/types\/product"}],"replies":[{"embeddable":true,"href":"https:\/\/educaredigital.online\/loja\/wp-json\/wp\/v2\/comments?post=2250"}],"wp:featuredmedia":[{"embeddable":true,"href":"https:\/\/educaredigital.online\/loja\/wp-json\/wp\/v2\/media\/2251"}],"wp:attachment":[{"href":"https:\/\/educaredigital.online\/loja\/wp-json\/wp\/v2\/media?parent=2250"}],"wp:term":[{"taxonomy":"product_brand","embeddable":true,"href":"https:\/\/educaredigital.online\/loja\/wp-json\/wp\/v2\/product_brand?post=2250"},{"taxonomy":"product_cat","embeddable":true,"href":"https:\/\/educaredigital.online\/loja\/wp-json\/wp\/v2\/product_cat?post=2250"},{"taxonomy":"product_tag","embeddable":true,"href":"https:\/\/educaredigital.online\/loja\/wp-json\/wp\/v2\/product_tag?post=2250"}],"curies":[{"name":"wp","href":"https:\/\/api.w.org\/{rel}","templated":true}]}}