{"id":2219,"date":"2025-12-18T22:15:16","date_gmt":"2025-12-18T22:15:16","guid":{"rendered":"https:\/\/educaredigital.online\/loja\/?post_type=product&#038;p=2219"},"modified":"2025-12-18T22:15:16","modified_gmt":"2025-12-18T22:15:16","slug":"o-cachorrinho-aventureiro","status":"publish","type":"product","link":"https:\/\/educaredigital.online\/loja\/produto\/o-cachorrinho-aventureiro\/","title":{"rendered":"O Cachorrinho Aventureiro"},"content":{"rendered":"<p>O c\u00e3ozinho quer brincar com seus amigos! Levante as abas em cada p\u00e1gina para encontrar muitos amigos com quem ele poder\u00e1 se divertir!<\/p>\n","protected":false},"excerpt":{"rendered":"<p>O c\u00e3ozinho quer brincar com seus amigos! Levante as abas em cada p\u00e1gina para encontrar muitos amigos com quem ele poder\u00e1 se divertir!<\/p>\n","protected":false},"featured_media":2220,"comment_status":"open","ping_status":"closed","template":"","meta":[],"product_brand":[],"product_cat":[200],"product_tag":[],"class_list":{"0":"post-2219","1":"product","2":"type-product","3":"status-publish","6":"product_cat-0-a-3-anos","8":"first","9":"instock","10":"shipping-taxable","11":"purchasable","12":"product-type-simple"},"_links":{"self":[{"href":"https:\/\/educaredigital.online\/loja\/wp-json\/wp\/v2\/product\/2219","targetHints":{"allow":["GET"]}}],"collection":[{"href":"https:\/\/educaredigital.online\/loja\/wp-json\/wp\/v2\/product"}],"about":[{"href":"https:\/\/educaredigital.online\/loja\/wp-json\/wp\/v2\/types\/product"}],"replies":[{"embeddable":true,"href":"https:\/\/educaredigital.online\/loja\/wp-json\/wp\/v2\/comments?post=2219"}],"wp:featuredmedia":[{"embeddable":true,"href":"https:\/\/educaredigital.online\/loja\/wp-json\/wp\/v2\/media\/2220"}],"wp:attachment":[{"href":"https:\/\/educaredigital.online\/loja\/wp-json\/wp\/v2\/media?parent=2219"}],"wp:term":[{"taxonomy":"product_brand","embeddable":true,"href":"https:\/\/educaredigital.online\/loja\/wp-json\/wp\/v2\/product_brand?post=2219"},{"taxonomy":"product_cat","embeddable":true,"href":"https:\/\/educaredigital.online\/loja\/wp-json\/wp\/v2\/product_cat?post=2219"},{"taxonomy":"product_tag","embeddable":true,"href":"https:\/\/educaredigital.online\/loja\/wp-json\/wp\/v2\/product_tag?post=2219"}],"curies":[{"name":"wp","href":"https:\/\/api.w.org\/{rel}","templated":true}]}}