{"id":2154,"date":"2025-12-08T19:44:43","date_gmt":"2025-12-08T19:44:43","guid":{"rendered":"https:\/\/educaredigital.online\/loja\/?post_type=product&#038;p=2154"},"modified":"2026-05-13T21:02:00","modified_gmt":"2026-05-13T21:02:00","slug":"estante-nichada-6-modulos","status":"publish","type":"product","link":"https:\/\/educaredigital.online\/loja\/produto\/estante-nichada-6-modulos\/","title":{"rendered":"Estante Nichada &#8211;  6 M\u00f3dulos"},"content":{"rendered":"<p class=\"ds-markdown-paragraph\">Integrada ao ambiente escolar, esta estante surge do reaproveitamento inteligente de cortes residuais de <strong>MDF<\/strong> \u2013 materiais que antes seriam descartados na marcenaria. Cada m\u00f3dulo, \u00fanico em dimens\u00f5es, \u00e9 cuidadosamente beneficiado e organizado para criar nichos funcionais e vers\u00e1teis, que servem como espa\u00e7o de armazenamento, exposi\u00e7\u00e3o pedag\u00f3gica ou cantinho de leitura.<\/p>\n<p class=\"ds-markdown-paragraph\">Mais do que um m\u00f3vel, a estante nichada simboliza o compromisso da Educare com a economia circular e o design consciente, transformando &#8220;sobras&#8221; em solu\u00e7\u00f5es que enriquecem o espa\u00e7o educativo, reduzindo desperd\u00edcios e inspirando novos olhares sobre o uso de recursos.<\/p>\n","protected":false},"excerpt":{"rendered":"<p>Integrada ao ambiente escolar, esta estante surge do reaproveitamento inteligente de cortes residuais de MDF \u2013 materiais que antes seriam descartados na marcenaria. Cada m\u00f3dulo, \u00fanico em dimens\u00f5es, \u00e9 cuidadosamente beneficiado e organizado para criar nichos funcionais e vers\u00e1teis, que<\/p>\n","protected":false},"featured_media":2156,"comment_status":"open","ping_status":"closed","template":"","meta":[],"product_brand":[],"product_cat":[222],"product_tag":[],"class_list":{"0":"post-2154","1":"product","2":"type-product","3":"status-publish","6":"product_cat-tapetes","8":"first","9":"instock","10":"sale","11":"shipping-taxable","12":"purchasable","13":"product-type-simple"},"_links":{"self":[{"href":"https:\/\/educaredigital.online\/loja\/wp-json\/wp\/v2\/product\/2154","targetHints":{"allow":["GET"]}}],"collection":[{"href":"https:\/\/educaredigital.online\/loja\/wp-json\/wp\/v2\/product"}],"about":[{"href":"https:\/\/educaredigital.online\/loja\/wp-json\/wp\/v2\/types\/product"}],"replies":[{"embeddable":true,"href":"https:\/\/educaredigital.online\/loja\/wp-json\/wp\/v2\/comments?post=2154"}],"wp:featuredmedia":[{"embeddable":true,"href":"https:\/\/educaredigital.online\/loja\/wp-json\/wp\/v2\/media\/2156"}],"wp:attachment":[{"href":"https:\/\/educaredigital.online\/loja\/wp-json\/wp\/v2\/media?parent=2154"}],"wp:term":[{"taxonomy":"product_brand","embeddable":true,"href":"https:\/\/educaredigital.online\/loja\/wp-json\/wp\/v2\/product_brand?post=2154"},{"taxonomy":"product_cat","embeddable":true,"href":"https:\/\/educaredigital.online\/loja\/wp-json\/wp\/v2\/product_cat?post=2154"},{"taxonomy":"product_tag","embeddable":true,"href":"https:\/\/educaredigital.online\/loja\/wp-json\/wp\/v2\/product_tag?post=2154"}],"curies":[{"name":"wp","href":"https:\/\/api.w.org\/{rel}","templated":true}]}}