{"id":2000,"date":"2025-10-17T20:23:54","date_gmt":"2025-10-17T20:23:54","guid":{"rendered":"https:\/\/educaredigital.online\/loja\/?post_type=product&#038;p=2000"},"modified":"2025-10-17T20:24:11","modified_gmt":"2025-10-17T20:24:11","slug":"mesa-de-ping-pong-multifuncional","status":"publish","type":"product","link":"https:\/\/educaredigital.online\/loja\/produto\/mesa-de-ping-pong-multifuncional\/","title":{"rendered":"Mesa de Ping Pong- Multifuncional"},"content":{"rendered":"<p>Tampo em MDP;<br \/>\nAcabamento em primer azul com secagem UV e linhas demarcat\u00f3rias brancas;<br \/>\nP\u00e9s de madeiras maci\u00e7a dobr\u00e1veis;<\/p>\n<p>Medidas da Mesa: C x L x A &#8211; ( 2,74 x 1,52 x 0,76 )m.<\/p>\n","protected":false},"excerpt":{"rendered":"<p>Valor a consultar.<\/p>\n","protected":false},"featured_media":2001,"comment_status":"open","ping_status":"closed","template":"","meta":[],"product_brand":[],"product_cat":[48,18],"product_tag":[],"class_list":{"0":"post-2000","1":"product","2":"type-product","3":"status-publish","6":"product_cat-jogosdeequipe","7":"product_cat-recreacao-esporte","9":"first","10":"instock","11":"shipping-taxable","12":"product-type-simple"},"_links":{"self":[{"href":"https:\/\/educaredigital.online\/loja\/wp-json\/wp\/v2\/product\/2000","targetHints":{"allow":["GET"]}}],"collection":[{"href":"https:\/\/educaredigital.online\/loja\/wp-json\/wp\/v2\/product"}],"about":[{"href":"https:\/\/educaredigital.online\/loja\/wp-json\/wp\/v2\/types\/product"}],"replies":[{"embeddable":true,"href":"https:\/\/educaredigital.online\/loja\/wp-json\/wp\/v2\/comments?post=2000"}],"wp:featuredmedia":[{"embeddable":true,"href":"https:\/\/educaredigital.online\/loja\/wp-json\/wp\/v2\/media\/2001"}],"wp:attachment":[{"href":"https:\/\/educaredigital.online\/loja\/wp-json\/wp\/v2\/media?parent=2000"}],"wp:term":[{"taxonomy":"product_brand","embeddable":true,"href":"https:\/\/educaredigital.online\/loja\/wp-json\/wp\/v2\/product_brand?post=2000"},{"taxonomy":"product_cat","embeddable":true,"href":"https:\/\/educaredigital.online\/loja\/wp-json\/wp\/v2\/product_cat?post=2000"},{"taxonomy":"product_tag","embeddable":true,"href":"https:\/\/educaredigital.online\/loja\/wp-json\/wp\/v2\/product_tag?post=2000"}],"curies":[{"name":"wp","href":"https:\/\/api.w.org\/{rel}","templated":true}]}}