{"id":1670,"date":"2025-10-03T19:10:12","date_gmt":"2025-10-03T19:10:12","guid":{"rendered":"https:\/\/educaredigital.online\/loja\/?post_type=product&#038;p=1670"},"modified":"2025-10-03T19:13:40","modified_gmt":"2025-10-03T19:13:40","slug":"1670","status":"publish","type":"product","link":"https:\/\/educaredigital.online\/loja\/produto\/1670\/","title":{"rendered":"Playground PlayKids Educare"},"content":{"rendered":"<p>Um parquinho na sua casa, escola ou condom\u00ednio. O PlayKids tem um sistema de encaixe axial diferenciado, que possibilita a expans\u00e3o infinita do brinquedo, ficando do tamanho que voc\u00ea quiser, s\u00e3o v\u00e1rios modelos e op\u00e7\u00f5es de montagem. Este modelo acompanha parede de escalada, escorregador em curva e jogo da velha gigante. Pode ser usado por crian\u00e7as a partir dos 3 anos de idade e \u00e9 formado por um m\u00f3dulo, 09578, 0957-8, 0957.8<\/p>\n","protected":false},"excerpt":{"rendered":"<table class=\"group Geral\" cellspacing=\"0\">\n<tbody>\n<tr class=\"even\">\n<th class=\"name-field Idade\">Idade<\/th>\n<td class=\"value-field Idade\">3 &#8211; 4 anos, 5 &#8211; 7 anos<\/td>\n<\/tr>\n<tr>\n<th class=\"name-field Aviso\">Aviso<\/th>\n<td class=\"value-field Aviso\">Este brinquedo s\u00f3 deve ser entregue \u00e0 crian\u00e7a ap\u00f3s ter sido montado por um adulto. Deve ter a supervis\u00e3o de um adulto durante o uso.<\/td>\n<\/tr>\n<tr class=\"even\">\n<th class=\"name-field Dimensoes-Aproximadas-AxLxC-\">Dimens\u00f5es Aproximadas (AxLxC)<\/th>\n<td class=\"value-field Dimensoes-Aproximadas-AxLxC-\">1,74 x 2,02 x 4,35 m<\/td>\n<\/tr>\n<tr>\n<th class=\"name-field Idade-Recomendada\">Idade Recomendada<\/th>\n<td class=\"value-field Idade-Recomendada\">A partir de 3 anos<\/td>\n<\/tr>\n<tr class=\"even\">\n<th class=\"name-field Peso-do-produto\">Peso do produto<\/th>\n<td class=\"value-field Peso-do-produto\">87,57 Kg<\/td>\n<\/tr>\n<tr>\n<th class=\"name-field Peso-maximo-recomendado\">Peso m\u00e1ximo recomendado<\/th>\n<td class=\"value-field Peso-maximo-recomendado\">100kg por plataforma<\/td>\n<\/tr>\n<\/tbody>\n<\/table>\n","protected":false},"featured_media":1671,"comment_status":"open","ping_status":"closed","template":"","meta":[],"product_brand":[],"product_cat":[45,18],"product_tag":[],"class_list":{"0":"post-1670","1":"product","2":"type-product","3":"status-publish","6":"product_cat-playground-escola","7":"product_cat-recreacao-esporte","9":"first","10":"instock","11":"sale","12":"shipping-taxable","13":"purchasable","14":"product-type-simple"},"_links":{"self":[{"href":"https:\/\/educaredigital.online\/loja\/wp-json\/wp\/v2\/product\/1670","targetHints":{"allow":["GET"]}}],"collection":[{"href":"https:\/\/educaredigital.online\/loja\/wp-json\/wp\/v2\/product"}],"about":[{"href":"https:\/\/educaredigital.online\/loja\/wp-json\/wp\/v2\/types\/product"}],"replies":[{"embeddable":true,"href":"https:\/\/educaredigital.online\/loja\/wp-json\/wp\/v2\/comments?post=1670"}],"wp:featuredmedia":[{"embeddable":true,"href":"https:\/\/educaredigital.online\/loja\/wp-json\/wp\/v2\/media\/1671"}],"wp:attachment":[{"href":"https:\/\/educaredigital.online\/loja\/wp-json\/wp\/v2\/media?parent=1670"}],"wp:term":[{"taxonomy":"product_brand","embeddable":true,"href":"https:\/\/educaredigital.online\/loja\/wp-json\/wp\/v2\/product_brand?post=1670"},{"taxonomy":"product_cat","embeddable":true,"href":"https:\/\/educaredigital.online\/loja\/wp-json\/wp\/v2\/product_cat?post=1670"},{"taxonomy":"product_tag","embeddable":true,"href":"https:\/\/educaredigital.online\/loja\/wp-json\/wp\/v2\/product_tag?post=1670"}],"curies":[{"name":"wp","href":"https:\/\/api.w.org\/{rel}","templated":true}]}}