{"id":1346,"date":"2025-09-19T14:41:05","date_gmt":"2025-09-19T14:41:05","guid":{"rendered":"https:\/\/educaredigital.online\/loja\/?post_type=product&#038;p=1346"},"modified":"2026-03-27T13:22:02","modified_gmt":"2026-03-27T13:22:02","slug":"kit-literario-biblioteca-publica-portal-para-o-desenvolvimento-pessoal-e-profissional","status":"publish","type":"product","link":"https:\/\/educaredigital.online\/loja\/produto\/kit-literario-biblioteca-publica-portal-para-o-desenvolvimento-pessoal-e-profissional\/","title":{"rendered":"Kit Liter\u00e1rio: Desenvolvimento Pessoal e Profissional"},"content":{"rendered":"<p>Este kit da Cole\u00e7\u00e3o Biblioteca P\u00fablica foi desenvolvido para atender diferentes perfis de leitores, reunindo obras variadas que ampliam o acesso \u00e0 leitura e incentivam o uso do acervo pela comunidade.<\/p>\n<p>Com t\u00edtulos de diversos g\u00eaneros e n\u00edveis de leitura, proporciona experi\u00eancias que atendem crian\u00e7as, jovens e adultos, promovendo inclus\u00e3o, conhecimento e forma\u00e7\u00e3o cultural. \u00c9 uma solu\u00e7\u00e3o completa para enriquecer o acervo e dinamizar o espa\u00e7o da biblioteca.<\/p>\n<p>Mais do que um conjunto de livros, este kit fortalece o papel da biblioteca como ambiente de aprendizagem, conviv\u00eancia e transforma\u00e7\u00e3o social.<\/p>\n<p>&nbsp;<\/p>\n","protected":false},"excerpt":{"rendered":"<p>Este kit da Cole\u00e7\u00e3o Biblioteca P\u00fablica foi desenvolvido para atender diferentes perfis de leitores, reunindo obras variadas que ampliam o acesso \u00e0 leitura e incentivam o uso do acervo pela comunidade. Com t\u00edtulos de diversos g\u00eaneros e n\u00edveis de leitura,<\/p>\n","protected":false},"featured_media":1350,"comment_status":"open","ping_status":"closed","template":"","meta":[],"product_brand":[],"product_cat":[35],"product_tag":[],"class_list":{"0":"post-1346","1":"product","2":"type-product","3":"status-publish","6":"product_cat-bibliotecapublica","8":"first","9":"instock","10":"shipping-taxable","11":"product-type-simple"},"_links":{"self":[{"href":"https:\/\/educaredigital.online\/loja\/wp-json\/wp\/v2\/product\/1346","targetHints":{"allow":["GET"]}}],"collection":[{"href":"https:\/\/educaredigital.online\/loja\/wp-json\/wp\/v2\/product"}],"about":[{"href":"https:\/\/educaredigital.online\/loja\/wp-json\/wp\/v2\/types\/product"}],"replies":[{"embeddable":true,"href":"https:\/\/educaredigital.online\/loja\/wp-json\/wp\/v2\/comments?post=1346"}],"wp:featuredmedia":[{"embeddable":true,"href":"https:\/\/educaredigital.online\/loja\/wp-json\/wp\/v2\/media\/1350"}],"wp:attachment":[{"href":"https:\/\/educaredigital.online\/loja\/wp-json\/wp\/v2\/media?parent=1346"}],"wp:term":[{"taxonomy":"product_brand","embeddable":true,"href":"https:\/\/educaredigital.online\/loja\/wp-json\/wp\/v2\/product_brand?post=1346"},{"taxonomy":"product_cat","embeddable":true,"href":"https:\/\/educaredigital.online\/loja\/wp-json\/wp\/v2\/product_cat?post=1346"},{"taxonomy":"product_tag","embeddable":true,"href":"https:\/\/educaredigital.online\/loja\/wp-json\/wp\/v2\/product_tag?post=1346"}],"curies":[{"name":"wp","href":"https:\/\/api.w.org\/{rel}","templated":true}]}}