{"id":1175,"date":"2025-09-15T18:15:50","date_gmt":"2025-09-15T18:15:50","guid":{"rendered":"https:\/\/educaredigital.online\/loja\/?post_type=product&#038;p=1175"},"modified":"2026-03-27T12:37:31","modified_gmt":"2026-03-27T12:37:31","slug":"kit-literario-para-consolidacao-do-leitor-4o-e-5o-ano","status":"publish","type":"product","link":"https:\/\/educaredigital.online\/loja\/produto\/kit-literario-para-consolidacao-do-leitor-4o-e-5o-ano\/","title":{"rendered":"Kit Liter\u00e1rio: Consolida\u00e7\u00e3o do Leitor &#8211; 4\u00ba e 5\u00ba ano"},"content":{"rendered":"<p data-start=\"108\" data-end=\"438\">Este kit foi desenvolvido para <em>consolidar o amor pela leitura<\/em> em estudantes do 4\u00ba e 5\u00ba ano, marcando um avan\u00e7o importante em sua jornada liter\u00e1ria. <strong>Composto por 203 livros<\/strong>, apresenta narrativas mais complexas, com enredos envolventes, personagens em desenvolvimento e novas camadas de significado que desafiam e encantam o leitor.<\/p>\n<p data-start=\"440\" data-end=\"741\">Nesta fase, o incentivo \u00e0 leitura por meio de cole\u00e7\u00f5es e s\u00e9ries fortalece o v\u00ednculo com as hist\u00f3rias, permitindo um mergulho cont\u00ednuo em universos ricos e estimulantes. Ao mesmo tempo, o contato com diferentes g\u00eaneros amplia o repert\u00f3rio e desenvolve habilidades de interpreta\u00e7\u00e3o, an\u00e1lise e express\u00e3o.<\/p>\n<p data-start=\"743\" data-end=\"931\">Mais do que um h\u00e1bito, a leitura se transforma em um prazer duradouro, preparando o leitor para explorar, com autonomia e senso cr\u00edtico, a diversidade de textos ao longo de sua trajet\u00f3ria.<\/p>\n<div class=\"details-table-wrapper\">\n<table class=\"product-details-table\">\n<tbody>\n<tr>\n<td>Composto por<\/td>\n<td>203 livros<\/td>\n<\/tr>\n<\/tbody>\n<\/table>\n<\/div>\n<p><a href=\"https:\/\/educaredigital.online\/loja\/wp-content\/uploads\/2025\/09\/Kit-01-4o-e-5o-Ano-.pdf\">\ud83d\udc49 <strong data-start=\"659\" data-end=\"713\">Consulte a ficha t\u00e9cnica completa do kit em PDF<\/strong><\/a><\/p>\n","protected":false},"excerpt":{"rendered":"<p>Este kit foi desenvolvido para consolidar o amor pela leitura em estudantes do 4\u00ba e 5\u00ba ano, marcando um avan\u00e7o importante em sua jornada liter\u00e1ria. Composto por 203 livros, apresenta narrativas mais complexas, com enredos envolventes, personagens em desenvolvimento e<\/p>\n","protected":false},"featured_media":1178,"comment_status":"open","ping_status":"closed","template":"","meta":[],"product_brand":[],"product_cat":[30,15],"product_tag":[],"class_list":{"0":"post-1175","1":"product","2":"type-product","3":"status-publish","6":"product_cat-consolidacaodoleitor","7":"product_cat-livros","9":"first","10":"instock","11":"sale","12":"shipping-taxable","13":"purchasable","14":"product-type-simple"},"_links":{"self":[{"href":"https:\/\/educaredigital.online\/loja\/wp-json\/wp\/v2\/product\/1175","targetHints":{"allow":["GET"]}}],"collection":[{"href":"https:\/\/educaredigital.online\/loja\/wp-json\/wp\/v2\/product"}],"about":[{"href":"https:\/\/educaredigital.online\/loja\/wp-json\/wp\/v2\/types\/product"}],"replies":[{"embeddable":true,"href":"https:\/\/educaredigital.online\/loja\/wp-json\/wp\/v2\/comments?post=1175"}],"wp:featuredmedia":[{"embeddable":true,"href":"https:\/\/educaredigital.online\/loja\/wp-json\/wp\/v2\/media\/1178"}],"wp:attachment":[{"href":"https:\/\/educaredigital.online\/loja\/wp-json\/wp\/v2\/media?parent=1175"}],"wp:term":[{"taxonomy":"product_brand","embeddable":true,"href":"https:\/\/educaredigital.online\/loja\/wp-json\/wp\/v2\/product_brand?post=1175"},{"taxonomy":"product_cat","embeddable":true,"href":"https:\/\/educaredigital.online\/loja\/wp-json\/wp\/v2\/product_cat?post=1175"},{"taxonomy":"product_tag","embeddable":true,"href":"https:\/\/educaredigital.online\/loja\/wp-json\/wp\/v2\/product_tag?post=1175"}],"curies":[{"name":"wp","href":"https:\/\/api.w.org\/{rel}","templated":true}]}}